000
CDUS43 KICT 310633
CLICNU


CLIMATE REPORT
NATIONAL WEATHER SERVICE WICHITA KS
133 AM CDT TUE MAR 31 2015


...................................

...THE CHANUTE KS CLIMATE SUMMARY FOR MARCH 30 2015...

CLIMATE NORMAL PERIOD 1981 TO 2010
CLIMATE RECORD PERIOD 1894 TO 2015


WEATHER ITEM   OBSERVED TIME   RECORD YEAR NORMAL DEPARTURE LAST
                VALUE   (LST)  VALUE       VALUE  FROM      YEAR
                                                  NORMAL
..................................................................
TEMPERATURE (F)
 YESTERDAY
  MAXIMUM         73    416 PM  83    1968  63     10       75
  MINIMUM         31    635 AM  16    1964  40     -9       37
  AVERAGE         52                        52      0       56

PRECIPITATION (IN)
  YESTERDAY        0.00          1.43 1989   0.12  -0.12     0.00
  MONTH TO DATE    0.55                      2.93  -2.38     0.97
  SINCE MAR 1      0.55                      2.93  -2.38     0.97
  SINCE JAN 1      1.86                      6.09  -4.23     1.94

DEGREE DAYS
 HEATING
  YESTERDAY       13                        14     -1        9
  MONTH TO DATE  492                       546    -54      683
  SINCE MAR 1    492                       546    -54      683
  SINCE JUL 1   4182                      4118     64     4703

 COOLING
  YESTERDAY        0                         0      0        0
  MONTH TO DATE    0                         0      0        0
  SINCE MAR 1      0                         0      0        0
  SINCE JAN 1      0                         0      0        0
..................................................................


WIND (MPH)
  HIGHEST WIND SPEED    17   HIGHEST WIND DIRECTION     S (190)
  HIGHEST GUST SPEED    23   HIGHEST GUST DIRECTION     S (180)
  AVERAGE WIND SPEED     7.2


SKY COVER
  POSSIBLE SUNSHINE  MM
  AVERAGE SKY COVER 0.0


WEATHER CONDITIONS
 THE FOLLOWING WEATHER WAS RECORDED YESTERDAY.
  NO SIGNIFICANT WEATHER WAS OBSERVED.


RELATIVE HUMIDITY (PERCENT)
 HIGHEST   100           700 AM
 LOWEST     22           300 PM
 AVERAGE    61

..........................................................


THE CHANUTE KS CLIMATE NORMALS FOR TODAY
                         NORMAL    RECORD    YEAR
 MAXIMUM TEMPERATURE (F)   63        90      1940
 MINIMUM TEMPERATURE (F)   41        20      1923


SUNRISE AND SUNSET
MARCH 31 2015.........SUNRISE   709 AM CDT   SUNSET   744 PM CDT
APRIL  1 2015.........SUNRISE   708 AM CDT   SUNSET   745 PM CDT


-  INDICATES NEGATIVE NUMBERS.
R  INDICATES RECORD WAS SET OR TIED.
MM INDICATES DATA IS MISSING.
T  INDICATES TRACE AMOUNT.




$$
