000
CDUS43 KICT 110620
CLICNU


CLIMATE REPORT
NATIONAL WEATHER SERVICE WICHITA KS
120 AM CDT WED MAR 11 2015


...................................

...THE CHANUTE KS CLIMATE SUMMARY FOR MARCH 10 2015...

CLIMATE NORMAL PERIOD 1981 TO 2010
CLIMATE RECORD PERIOD 1894 TO 2015


WEATHER ITEM   OBSERVED TIME   RECORD YEAR NORMAL DEPARTURE LAST
                VALUE   (LST)  VALUE       VALUE  FROM      YEAR
                                                  NORMAL
..................................................................
TEMPERATURE (F)
 YESTERDAY
  MAXIMUM         71    256 PM  85    1967  56     15       78
  MINIMUM         39    705 AM   1    1948  34      5       37
  AVERAGE         55                        45     10       58

PRECIPITATION (IN)
  YESTERDAY        0.00          2.21 1974   0.09  -0.09     0.00
  MONTH TO DATE    0.01                      0.92  -0.91     0.10
  SINCE MAR 1      0.01                      0.92  -0.91     0.10
  SINCE JAN 1      1.32                      4.08  -2.76     1.07

DEGREE DAYS
 HEATING
  YESTERDAY       10                        20    -10        7
  MONTH TO DATE  255                       215     40      321
  SINCE MAR 1    255                       215     40      321
  SINCE JUL 1   3945                      3787    158     4341

 COOLING
  YESTERDAY        0                         0      0        0
  MONTH TO DATE    0                         0      0        0
  SINCE MAR 1      0                         0      0        0
  SINCE JAN 1      0                         0      0        0
..................................................................


WIND (MPH)
  HIGHEST WIND SPEED    10   HIGHEST WIND DIRECTION     N (340)
  HIGHEST GUST SPEED    15   HIGHEST GUST DIRECTION    NW (320)
  AVERAGE WIND SPEED     5.1


SKY COVER
  POSSIBLE SUNSHINE  MM
  AVERAGE SKY COVER 0.3


WEATHER CONDITIONS
 THE FOLLOWING WEATHER WAS RECORDED YESTERDAY.
  FOG
  FOG W/VISIBILITY <= 1/4 MILE
  HAZE


RELATIVE HUMIDITY (PERCENT)
 HIGHEST   100           200 AM
 LOWEST     28           400 PM
 AVERAGE    64

..........................................................


THE CHANUTE KS CLIMATE NORMALS FOR TODAY
                         NORMAL    RECORD    YEAR
 MAXIMUM TEMPERATURE (F)   56        88      1967
 MINIMUM TEMPERATURE (F)   35        -4      1948


SUNRISE AND SUNSET
MARCH 11 2015.........SUNRISE   739 AM CDT   SUNSET   725 PM CDT
MARCH 12 2015.........SUNRISE   738 AM CDT   SUNSET   726 PM CDT


-  INDICATES NEGATIVE NUMBERS.
R  INDICATES RECORD WAS SET OR TIED.
MM INDICATES DATA IS MISSING.
T  INDICATES TRACE AMOUNT.




$$
