000
CDUS43 KICT 130639
CLICNU

CLIMATE REPORT
NATIONAL WEATHER SERVICE WICHITA KS
138 AM CDT MON APR 13 2015


...................................

...THE CHANUTE KS CLIMATE SUMMARY FOR APRIL 12 2015...

CLIMATE NORMAL PERIOD 1981 TO 2010
CLIMATE RECORD PERIOD 1894 TO 2015


WEATHER ITEM   OBSERVED TIME   RECORD YEAR NORMAL DEPARTURE LAST
                VALUE   (LST)  VALUE       VALUE  FROM      YEAR
                                                  NORMAL
..................................................................
TEMPERATURE (F)
 YESTERDAY
  MAXIMUM         75    353 PM  95    1972  67      8       82
  MINIMUM         52    856 AM  21    1940  45      7       56
  AVERAGE         64                        56      8       69

PRECIPITATION (IN)
  YESTERDAY        0.96          1.54 1947   0.13   0.83     0.00
  MONTH TO DATE    2.42                      1.54   0.88     0.02
  SINCE MAR 1      2.97                      4.58  -1.61     0.99
  SINCE JAN 1      4.28                      7.74  -3.46     1.96

DEGREE DAYS
 HEATING
  YESTERDAY        1                        10     -9        0
  MONTH TO DATE   85                       139    -54      119
  SINCE MAR 1    580                       698   -118      805
  SINCE JUL 1   4270                      4270      0     4825

 COOLING
  YESTERDAY        0                         1     -1        4
  MONTH TO DATE   20                         8     12        4
  SINCE MAR 1     20                        12      8        4
  SINCE JAN 1     20                        12      8        4
..................................................................


WIND (MPH)
  HIGHEST WIND SPEED    46   HIGHEST WIND DIRECTION    NW (330)
  HIGHEST GUST SPEED    61   HIGHEST GUST DIRECTION    NW (320)
  AVERAGE WIND SPEED    13.1


SKY COVER
  POSSIBLE SUNSHINE  MM
  AVERAGE SKY COVER 0.8


WEATHER CONDITIONS
 THE FOLLOWING WEATHER WAS RECORDED YESTERDAY.
  THUNDERSTORM
  HEAVY RAIN
  RAIN
  LIGHT RAIN
  FOG


RELATIVE HUMIDITY (PERCENT)
 HIGHEST    87          1000 PM
 LOWEST     62           100 AM
 AVERAGE    75

..........................................................


THE CHANUTE KS CLIMATE NORMALS FOR TODAY
                         NORMAL    RECORD    YEAR
 MAXIMUM TEMPERATURE (F)   67        91      1936
 MINIMUM TEMPERATURE (F)   45        22      1957


SUNRISE AND SUNSET
APRIL 13 2015.........SUNRISE   650 AM CDT   SUNSET   756 PM CDT
APRIL 14 2015.........SUNRISE   649 AM CDT   SUNSET   756 PM CDT


-  INDICATES NEGATIVE NUMBERS.
R  INDICATES RECORD WAS SET OR TIED.
MM INDICATES DATA IS MISSING.
T  INDICATES TRACE AMOUNT.




$$
