000
CDUS43 KICT 280630
CLICNU


CLIMATE REPORT
NATIONAL WEATHER SERVICE WICHITA KS
130 AM CDT SAT MAR 28 2015


...................................

...THE CHANUTE KS CLIMATE SUMMARY FOR MARCH 27 2015...

CLIMATE NORMAL PERIOD 1981 TO 2010
CLIMATE RECORD PERIOD 1894 TO 2015


WEATHER ITEM   OBSERVED TIME   RECORD YEAR NORMAL DEPARTURE LAST
                VALUE   (LST)  VALUE       VALUE  FROM      YEAR
                                                  NORMAL
..................................................................
TEMPERATURE (F)
 YESTERDAY
  MAXIMUM         51    356 PM  86    1910  62    -11       78
  MINIMUM         38    912 AM  17    1955  39     -1       42
  AVERAGE         45                        51     -6       60

PRECIPITATION (IN)
  YESTERDAY        T             0.97 1975   0.11  -0.11      T
  MONTH TO DATE    0.55                      2.59  -2.04     0.97
  SINCE MAR 1      0.55                      2.59  -2.04     0.97
  SINCE JAN 1      1.86                      5.75  -3.89     1.94

DEGREE DAYS
 HEATING
  YESTERDAY       20                        15      5        5
  MONTH TO DATE  457                       504    -47      630
  SINCE MAR 1    457                       504    -47      630
  SINCE JUL 1   4147                      4076     71     4650

 COOLING
  YESTERDAY        0                         0      0        0
  MONTH TO DATE    0                         0      0        0
  SINCE MAR 1      0                         0      0        0
  SINCE JAN 1      0                         0      0        0
..................................................................


WIND (MPH)
  HIGHEST WIND SPEED    20   HIGHEST WIND DIRECTION     N (10)
  HIGHEST GUST SPEED    24   HIGHEST GUST DIRECTION     N (20)
  AVERAGE WIND SPEED     9.5


SKY COVER
  POSSIBLE SUNSHINE  MM
  AVERAGE SKY COVER 0.7


WEATHER CONDITIONS
 THE FOLLOWING WEATHER WAS RECORDED YESTERDAY.
  LIGHT RAIN


RELATIVE HUMIDITY (PERCENT)
 HIGHEST    86           200 AM
 LOWEST     31           500 PM
 AVERAGE    59

..........................................................


THE CHANUTE KS CLIMATE NORMALS FOR TODAY
                         NORMAL    RECORD    YEAR
 MAXIMUM TEMPERATURE (F)   62        86      1963
 MINIMUM TEMPERATURE (F)   40        11      1899


SUNRISE AND SUNSET
MARCH 28 2015.........SUNRISE   714 AM CDT   SUNSET   741 PM CDT
MARCH 29 2015.........SUNRISE   712 AM CDT   SUNSET   742 PM CDT


-  INDICATES NEGATIVE NUMBERS.
R  INDICATES RECORD WAS SET OR TIED.
MM INDICATES DATA IS MISSING.
T  INDICATES TRACE AMOUNT.




$$
