000
CDUS43 KICT 290626
CLICNU


CLIMATE REPORT
NATIONAL WEATHER SERVICE WICHITA KS
126 AM CDT WED APR 29 2015


...................................

...THE CHANUTE KS CLIMATE SUMMARY FOR APRIL 28 2015...

CLIMATE NORMAL PERIOD 1981 TO 2010
CLIMATE RECORD PERIOD 1894 TO 2015


WEATHER ITEM   OBSERVED TIME   RECORD YEAR NORMAL DEPARTURE LAST
                VALUE   (LST)  VALUE       VALUE  FROM      YEAR
                                                  NORMAL
..................................................................
TEMPERATURE (F)
 YESTERDAY
  MAXIMUM         70    529 PM  88    1970  72     -2       68
  MINIMUM         46    609 AM  32    1965  50     -4       50
  AVERAGE         58                        61     -3       59

PRECIPITATION (IN)
  YESTERDAY        0.00          5.80 1994   0.17  -0.17     0.00
  MONTH TO DATE    4.53                      4.05   0.48     1.90
  SINCE MAR 1      5.08                      7.09  -2.01     2.87
  SINCE JAN 1      6.39                     10.25  -3.86     3.84

DEGREE DAYS
 HEATING
  YESTERDAY        7                         6      1        6
  MONTH TO DATE  177                       261    -84      254
  SINCE MAR 1    672                       820   -148      940
  SINCE JUL 1   4362                      4392    -30     4960

 COOLING
  YESTERDAY        0                         1     -1        0
  MONTH TO DATE   22                        24     -2       16
  SINCE MAR 1     22                        28     -6       16
  SINCE JAN 1     22                        28     -6       16
..................................................................


WIND (MPH)
  HIGHEST WIND SPEED    15   HIGHEST WIND DIRECTION     N (350)
  HIGHEST GUST SPEED    24   HIGHEST GUST DIRECTION    NE (60)
  AVERAGE WIND SPEED     6.2


SKY COVER
  POSSIBLE SUNSHINE  MM
  AVERAGE SKY COVER 0.0


WEATHER CONDITIONS
 THE FOLLOWING WEATHER WAS RECORDED YESTERDAY.
  HAZE


RELATIVE HUMIDITY (PERCENT)
 HIGHEST    80          1000 PM
 LOWEST     31           500 PM
 AVERAGE    56

..........................................................


THE CHANUTE KS CLIMATE NORMALS FOR TODAY
                         NORMAL    RECORD    YEAR
 MAXIMUM TEMPERATURE (F)   72        92      1910
 MINIMUM TEMPERATURE (F)   51        36      1969


SUNRISE AND SUNSET
APRIL 29 2015.........SUNRISE   629 AM CDT   SUNSET   810 PM CDT
APRIL 30 2015.........SUNRISE   628 AM CDT   SUNSET   811 PM CDT


-  INDICATES NEGATIVE NUMBERS.
R  INDICATES RECORD WAS SET OR TIED.
MM INDICATES DATA IS MISSING.
T  INDICATES TRACE AMOUNT.




$$
