000
CDUS43 KICT 200628
CLICNU


CLIMATE REPORT
NATIONAL WEATHER SERVICE WICHITA KS
127 AM CDT MON APR 20 2015


...................................

...THE CHANUTE KS CLIMATE SUMMARY FOR APRIL 19 2015...

CLIMATE NORMAL PERIOD 1981 TO 2010
CLIMATE RECORD PERIOD 1894 TO 2015


WEATHER ITEM   OBSERVED TIME   RECORD YEAR NORMAL DEPARTURE LAST
                VALUE   (LST)  VALUE       VALUE  FROM      YEAR
                                                  NORMAL
..................................................................
TEMPERATURE (F)
 YESTERDAY
  MAXIMUM         70    259 PM  88    1987  69      1       77
  MINIMUM         51   1159 PM  30    1953  47      4       43
  AVERAGE         61                        58      3       60

PRECIPITATION (IN)
  YESTERDAY        0.19          1.80 1927   0.15   0.04     0.00
  MONTH TO DATE    4.44                      2.58   1.86     0.87
  SINCE MAR 1      4.99                      5.62  -0.63     1.84
  SINCE JAN 1      6.30                      8.78  -2.48     2.81

DEGREE DAYS
 HEATING
  YESTERDAY        4                         8     -4        5
  MONTH TO DATE  108                       201    -93      230
  SINCE MAR 1    603                       760   -157      916
  SINCE JUL 1   4293                      4332    -39     4936

 COOLING
  YESTERDAY        0                         1     -1        0
  MONTH TO DATE   22                        15      7        4
  SINCE MAR 1     22                        19      3        4
  SINCE JAN 1     22                        19      3        4
..................................................................


WIND (MPH)
  HIGHEST WIND SPEED    31   HIGHEST WIND DIRECTION    NW (320)
  HIGHEST GUST SPEED    39   HIGHEST GUST DIRECTION    NW (320)
  AVERAGE WIND SPEED    11.3


SKY COVER
  POSSIBLE SUNSHINE  MM
  AVERAGE SKY COVER 0.7


WEATHER CONDITIONS
 THE FOLLOWING WEATHER WAS RECORDED YESTERDAY.
  THUNDERSTORM
  RAIN
  LIGHT RAIN
  FOG


RELATIVE HUMIDITY (PERCENT)
 HIGHEST   100           500 AM
 LOWEST     57           300 PM
 AVERAGE    79

..........................................................


THE CHANUTE KS CLIMATE NORMALS FOR TODAY
                         NORMAL    RECORD    YEAR
 MAXIMUM TEMPERATURE (F)   69        87      1987
 MINIMUM TEMPERATURE (F)   47        27      1953


SUNRISE AND SUNSET
APRIL 20 2015.........SUNRISE   640 AM CDT   SUNSET   802 PM CDT
APRIL 21 2015.........SUNRISE   639 AM CDT   SUNSET   803 PM CDT


-  INDICATES NEGATIVE NUMBERS.
R  INDICATES RECORD WAS SET OR TIED.
MM INDICATES DATA IS MISSING.
T  INDICATES TRACE AMOUNT.




$$

JMBW
