000
CDUS43 KICT 150703
CLICNU


CLIMATE REPORT
NATIONAL WEATHER SERVICE WICHITA KS
203 AM CDT SUN MAR 15 2015


...................................

...THE CHANUTE KS CLIMATE SUMMARY FOR MARCH 14 2015...

CLIMATE NORMAL PERIOD 1981 TO 2010
CLIMATE RECORD PERIOD 1894 TO 2015


WEATHER ITEM   OBSERVED TIME   RECORD YEAR NORMAL DEPARTURE LAST
                VALUE   (LST)  VALUE       VALUE  FROM      YEAR
                                                  NORMAL
..................................................................
TEMPERATURE (F)
 YESTERDAY
  MAXIMUM         65    407 PM  84    1914  58      7       69
  MINIMUM         33   1155 PM  10    1975  36     -3       33
  AVERAGE         49                        46      3       51

PRECIPITATION (IN)
  YESTERDAY        0.00          2.12 1982   0.10  -0.10     0.00
  MONTH TO DATE    0.01                      1.28  -1.27     0.10
  SINCE MAR 1      0.01                      1.28  -1.27     0.10
  SINCE JAN 1      1.32                      4.44  -3.12     1.07

DEGREE DAYS
 HEATING
  YESTERDAY       16                        19     -3       14
  MONTH TO DATE  296                       291      5      376
  SINCE MAR 1    296                       291      5      376
  SINCE JUL 1   3986                      3863    123     4396

 COOLING
  YESTERDAY        0                         0      0        0
  MONTH TO DATE    0                         0      0        0
  SINCE MAR 1      0                         0      0        0
  SINCE JAN 1      0                         0      0        0
..................................................................


WIND (MPH)
  HIGHEST WIND SPEED    18   HIGHEST WIND DIRECTION    NE (40)
  HIGHEST GUST SPEED    24   HIGHEST GUST DIRECTION     N (10)
  AVERAGE WIND SPEED     9.6


SKY COVER
  POSSIBLE SUNSHINE  MM
  AVERAGE SKY COVER 0.0


WEATHER CONDITIONS
 THE FOLLOWING WEATHER WAS RECORDED YESTERDAY.
  NO SIGNIFICANT WEATHER WAS OBSERVED.


RELATIVE HUMIDITY (PERCENT)
 HIGHEST    85          1000 PM
 LOWEST     37           200 PM
 AVERAGE    61

..........................................................


THE CHANUTE KS CLIMATE NORMALS FOR TODAY
                         NORMAL    RECORD    YEAR
 MAXIMUM TEMPERATURE (F)   58        84      1914
 MINIMUM TEMPERATURE (F)   36        11      1900


SUNRISE AND SUNSET
MARCH 15 2015.........SUNRISE   733 AM CDT   SUNSET   729 PM CDT
MARCH 16 2015.........SUNRISE   732 AM CDT   SUNSET   730 PM CDT


-  INDICATES NEGATIVE NUMBERS.
R  INDICATES RECORD WAS SET OR TIED.
MM INDICATES DATA IS MISSING.
T  INDICATES TRACE AMOUNT.




$$
