000
CDUS43 KICT 120622
CLICNU


CLIMATE REPORT
NATIONAL WEATHER SERVICE WICHITA KS
121 AM CDT SUN APR 12 2015


...................................

...THE CHANUTE KS CLIMATE SUMMARY FOR APRIL 11 2015...

CLIMATE NORMAL PERIOD 1981 TO 2010
CLIMATE RECORD PERIOD 1894 TO 2015


WEATHER ITEM   OBSERVED TIME   RECORD YEAR NORMAL DEPARTURE LAST
                VALUE   (LST)  VALUE       VALUE  FROM      YEAR
                                                  NORMAL
..................................................................
TEMPERATURE (F)
 YESTERDAY
  MAXIMUM         69    116 PM  91    1930  67      2       80
  MINIMUM         45   1248 AM  26    1957  44      1       48
  AVERAGE         57                        55      2       64

PRECIPITATION (IN)
  YESTERDAY        T             2.55 1994   0.14  -0.14     0.00
  MONTH TO DATE    1.46                      1.41   0.05     0.02
  SINCE MAR 1      2.01                      4.45  -2.44     0.99
  SINCE JAN 1      3.32                      7.61  -4.29     1.96

DEGREE DAYS
 HEATING
  YESTERDAY        8                        10     -2        1
  MONTH TO DATE   84                       129    -45      119
  SINCE MAR 1    579                       688   -109      805
  SINCE JUL 1   4269                      4260      9     4825

 COOLING
  YESTERDAY        0                         1     -1        0
  MONTH TO DATE   20                         7     13        0
  SINCE MAR 1     20                        11      9        0
  SINCE JAN 1     20                        11      9        0
..................................................................


WIND (MPH)
  HIGHEST WIND SPEED    22   HIGHEST WIND DIRECTION     S (190)
  HIGHEST GUST SPEED    25   HIGHEST GUST DIRECTION     S (190)
  AVERAGE WIND SPEED     9.8


SKY COVER
  POSSIBLE SUNSHINE  MM
  AVERAGE SKY COVER 0.3


WEATHER CONDITIONS
 THE FOLLOWING WEATHER WAS RECORDED YESTERDAY.
  NO SIGNIFICANT WEATHER WAS OBSERVED.


RELATIVE HUMIDITY (PERCENT)
 HIGHEST    82          1200 AM
 LOWEST     42          1000 AM
 AVERAGE    62

..........................................................


THE CHANUTE KS CLIMATE NORMALS FOR TODAY
                         NORMAL    RECORD    YEAR
 MAXIMUM TEMPERATURE (F)   67        95      1972
 MINIMUM TEMPERATURE (F)   45        21      1940


SUNRISE AND SUNSET
APRIL 12 2015.........SUNRISE   651 AM CDT   SUNSET   755 PM CDT
APRIL 13 2015.........SUNRISE   650 AM CDT   SUNSET   756 PM CDT


-  INDICATES NEGATIVE NUMBERS.
R  INDICATES RECORD WAS SET OR TIED.
MM INDICATES DATA IS MISSING.
T  INDICATES TRACE AMOUNT.




$$
