000
CDUS43 KICT 160643
CLICNU

CLIMATE REPORT
NATIONAL WEATHER SERVICE WICHITA KS
143 AM CDT THU APR 16 2015


...................................

...THE CHANUTE KS CLIMATE SUMMARY FOR APRIL 15 2015...

CLIMATE NORMAL PERIOD 1981 TO 2010
CLIMATE RECORD PERIOD 1894 TO 2015


WEATHER ITEM   OBSERVED TIME   RECORD YEAR NORMAL DEPARTURE LAST
                VALUE   (LST)  VALUE       VALUE  FROM      YEAR
                                                  NORMAL
..................................................................
TEMPERATURE (F)
 YESTERDAY
  MAXIMUM         63    601 PM  91    1936  68     -5       58
  MINIMUM         50    401 AM  23    2014  46      4       23
  AVERAGE         57                        57      0       41

PRECIPITATION (IN)
  YESTERDAY        T             1.99 1973   0.15  -0.15     0.00
  MONTH TO DATE    3.35                      1.98   1.37     0.87
  SINCE MAR 1      3.90                      5.02  -1.12     1.84
  SINCE JAN 1      5.21                      8.18  -2.97     2.81

DEGREE DAYS
 HEATING
  YESTERDAY        8                         9     -1       24
  MONTH TO DATE  102                       167    -65      177
  SINCE MAR 1    597                       726   -129      863
  SINCE JUL 1   4287                      4298    -11     4883

 COOLING
  YESTERDAY        0                         1     -1        0
  MONTH TO DATE   20                        11      9        4
  SINCE MAR 1     20                        15      5        4
  SINCE JAN 1     20                        15      5        4
..................................................................


WIND (MPH)
  HIGHEST WIND SPEED    17   HIGHEST WIND DIRECTION     E (110)
  HIGHEST GUST SPEED    24   HIGHEST GUST DIRECTION     E (110)
  AVERAGE WIND SPEED     7.5


SKY COVER
  POSSIBLE SUNSHINE  MM
  AVERAGE SKY COVER 1.0


WEATHER CONDITIONS
 THE FOLLOWING WEATHER WAS RECORDED YESTERDAY.
  LIGHT RAIN
  FOG


RELATIVE HUMIDITY (PERCENT)
 HIGHEST    93          1000 PM
 LOWEST     66          1200 AM
 AVERAGE    80

..........................................................


THE CHANUTE KS CLIMATE NORMALS FOR TODAY
                         NORMAL    RECORD    YEAR
 MAXIMUM TEMPERATURE (F)   68        88      2006
 MINIMUM TEMPERATURE (F)   46        24      1953


SUNRISE AND SUNSET
APRIL 16 2015.........SUNRISE   646 AM CDT   SUNSET   758 PM CDT
APRIL 17 2015.........SUNRISE   644 AM CDT   SUNSET   759 PM CDT


-  INDICATES NEGATIVE NUMBERS.
R  INDICATES RECORD WAS SET OR TIED.
MM INDICATES DATA IS MISSING.
T  INDICATES TRACE AMOUNT.




$$
