000
CDUS43 KICT 080621
CLICNU


CLIMATE REPORT
NATIONAL WEATHER SERVICE WICHITA KS
121 AM CDT WED APR 8 2015


...................................

...THE CHANUTE KS CLIMATE SUMMARY FOR APRIL 7 2015...

CLIMATE NORMAL PERIOD 1981 TO 2010
CLIMATE RECORD PERIOD 1894 TO 2015


WEATHER ITEM   OBSERVED TIME   RECORD YEAR NORMAL DEPARTURE LAST
                VALUE   (LST)  VALUE       VALUE  FROM      YEAR
                                                  NORMAL
..................................................................
TEMPERATURE (F)
 YESTERDAY
  MAXIMUM         87    452 PM  88    1946  65     22       67
  MINIMUM         65   1159 PM  22    2007  43     22       47
  AVERAGE         76                        54     22       57

PRECIPITATION (IN)
  YESTERDAY        0.01          1.12 1922   0.13  -0.12      T
  MONTH TO DATE    0.75                      0.86  -0.11     0.02
  SINCE MAR 1      1.30                      3.90  -2.60     0.99
  SINCE JAN 1      2.61                      7.06  -4.45     1.96

DEGREE DAYS
 HEATING
  YESTERDAY        0                        11    -11        8
  MONTH TO DATE   58                        86    -28       90
  SINCE MAR 1    553                       645    -92      776
  SINCE JUL 1   4243                      4217     26     4796

 COOLING
  YESTERDAY       11                         1     10        0
  MONTH TO DATE   14                         3     11        0
  SINCE MAR 1     14                         7      7        0
  SINCE JAN 1     14                         7      7        0
..................................................................


WIND (MPH)
  HIGHEST WIND SPEED    26   HIGHEST WIND DIRECTION     S (190)
  HIGHEST GUST SPEED    31   HIGHEST GUST DIRECTION     S (190)
  AVERAGE WIND SPEED    13.6


SKY COVER
  POSSIBLE SUNSHINE  MM
  AVERAGE SKY COVER 0.2


WEATHER CONDITIONS
 THE FOLLOWING WEATHER WAS RECORDED YESTERDAY.
  THUNDERSTORM
  LIGHT RAIN
  FOG


RELATIVE HUMIDITY (PERCENT)
 HIGHEST    93           100 AM
 LOWEST     40           400 PM
 AVERAGE    67

..........................................................


THE CHANUTE KS CLIMATE NORMALS FOR TODAY
                         NORMAL    RECORD    YEAR
 MAXIMUM TEMPERATURE (F)   66        87      1924
 MINIMUM TEMPERATURE (F)   43        20      2007


SUNRISE AND SUNSET
APRIL  8 2015.........SUNRISE   657 AM CDT   SUNSET   751 PM CDT
APRIL  9 2015.........SUNRISE   656 AM CDT   SUNSET   752 PM CDT


-  INDICATES NEGATIVE NUMBERS.
R  INDICATES RECORD WAS SET OR TIED.
MM INDICATES DATA IS MISSING.
T  INDICATES TRACE AMOUNT.




$$
