000
CDUS43 KICT 060620
CLICNU


CLIMATE REPORT
NATIONAL WEATHER SERVICE WICHITA KS
120 AM CDT MON APR 6 2015


...................................

...THE CHANUTE KS CLIMATE SUMMARY FOR APRIL 5 2015...

CLIMATE NORMAL PERIOD 1981 TO 2010
CLIMATE RECORD PERIOD 1894 TO 2015


WEATHER ITEM   OBSERVED TIME   RECORD YEAR NORMAL DEPARTURE LAST
                VALUE   (LST)  VALUE       VALUE  FROM      YEAR
                                                  NORMAL
..................................................................
TEMPERATURE (F)
 YESTERDAY
  MAXIMUM         54   1056 AM  85    2000  65    -11       62
  MINIMUM         38    533 AM  18    1920  42     -4       24
  AVERAGE         46                        54     -8       43

PRECIPITATION (IN)
  YESTERDAY        0.00          1.69 1935   0.12  -0.12     0.00
  MONTH TO DATE    0.74                      0.60   0.14     0.02
  SINCE MAR 1      1.29                      3.64  -2.35     0.99
  SINCE JAN 1      2.60                      6.80  -4.20     1.96

DEGREE DAYS
 HEATING
  YESTERDAY       19                        12      7       22
  MONTH TO DATE   54                        63     -9       72
  SINCE MAR 1    549                       622    -73      758
  SINCE JUL 1   4239                      4194     45     4778

 COOLING
  YESTERDAY        0                         1     -1        0
  MONTH TO DATE    3                         1      2        0
  SINCE MAR 1      3                         5     -2        0
  SINCE JAN 1      3                         5     -2        0
..................................................................


WIND (MPH)
  HIGHEST WIND SPEED    24   HIGHEST WIND DIRECTION     S (170)
  HIGHEST GUST SPEED    31   HIGHEST GUST DIRECTION     S (180)
  AVERAGE WIND SPEED    12.7


SKY COVER
  POSSIBLE SUNSHINE  MM
  AVERAGE SKY COVER 0.6


WEATHER CONDITIONS
 THE FOLLOWING WEATHER WAS RECORDED YESTERDAY.
  FOG


RELATIVE HUMIDITY (PERCENT)
 HIGHEST   100           900 PM
 LOWEST     59           900 AM
 AVERAGE    80

..........................................................


THE CHANUTE KS CLIMATE NORMALS FOR TODAY
                         NORMAL    RECORD    YEAR
 MAXIMUM TEMPERATURE (F)   65        85      1954
 MINIMUM TEMPERATURE (F)   43        21      1996


SUNRISE AND SUNSET
APRIL  6 2015.........SUNRISE   700 AM CDT   SUNSET   749 PM CDT
APRIL  7 2015.........SUNRISE   659 AM CDT   SUNSET   750 PM CDT


-  INDICATES NEGATIVE NUMBERS.
R  INDICATES RECORD WAS SET OR TIED.
MM INDICATES DATA IS MISSING.
T  INDICATES TRACE AMOUNT.




$$
