000
CDUS43 KICT 030744
CLICNU


CLIMATE REPORT
NATIONAL WEATHER SERVICE WICHITA KS
244 AM CDT FRI APR 3 2015


...................................

...THE CHANUTE KS CLIMATE SUMMARY FOR APRIL 2 2015...

CLIMATE NORMAL PERIOD 1981 TO 2010
CLIMATE RECORD PERIOD 1894 TO 2015


WEATHER ITEM   OBSERVED TIME   RECORD YEAR NORMAL DEPARTURE LAST
                VALUE   (LST)  VALUE       VALUE  FROM      YEAR
                                                  NORMAL
..................................................................
TEMPERATURE (F)
 YESTERDAY
  MAXIMUM         76    251 PM  89    1918  64     12       82
  MINIMUM         60    853 AM  20    1936  41     19       46
  AVERAGE         68                        52     16       64

PRECIPITATION (IN)
  YESTERDAY        0.38          1.24 1965   0.12   0.26     0.02
  MONTH TO DATE    0.38                      0.24   0.14     0.02
  SINCE MAR 1      0.93                      3.28  -2.35     0.99
  SINCE JAN 1      2.24                      6.44  -4.20     1.96

DEGREE DAYS
 HEATING
  YESTERDAY        0                        13    -13        1
  MONTH TO DATE    0                        26    -26       23
  SINCE MAR 1    495                       585    -90      709
  SINCE JUL 1   4185                      4157     28     4729

 COOLING
  YESTERDAY        3                         0      3        0
  MONTH TO DATE    3                         0      3        0
  SINCE MAR 1      3                         4     -1        0
  SINCE JAN 1      3                         4     -1        0
..................................................................


WIND (MPH)
  HIGHEST WIND SPEED    29   HIGHEST WIND DIRECTION    SW (210)
  HIGHEST GUST SPEED    37   HIGHEST GUST DIRECTION     S (190)
  AVERAGE WIND SPEED    11.4


SKY COVER
  POSSIBLE SUNSHINE  MM
  AVERAGE SKY COVER 0.4


WEATHER CONDITIONS
 THE FOLLOWING WEATHER WAS RECORDED YESTERDAY.
  THUNDERSTORM
  HEAVY RAIN
  RAIN
  LIGHT RAIN
  FOG


RELATIVE HUMIDITY (PERCENT)
 HIGHEST    90           800 AM
 LOWEST     60           300 PM
 AVERAGE    75

..........................................................


THE CHANUTE KS CLIMATE NORMALS FOR TODAY
                         NORMAL    RECORD    YEAR
 MAXIMUM TEMPERATURE (F)   64        88      2011
 MINIMUM TEMPERATURE (F)   42        14      1936


SUNRISE AND SUNSET
APRIL  3 2015.........SUNRISE   705 AM CDT   SUNSET   746 PM CDT
APRIL  4 2015.........SUNRISE   703 AM CDT   SUNSET   747 PM CDT


-  INDICATES NEGATIVE NUMBERS.
R  INDICATES RECORD WAS SET OR TIED.
MM INDICATES DATA IS MISSING.
T  INDICATES TRACE AMOUNT.




$$
