000
CDUS43 KICT 020637
CLICNU


CLIMATE REPORT
NATIONAL WEATHER SERVICE WICHITA KS
136 AM CDT THU APR 2 2015


...................................

...THE CHANUTE KS CLIMATE SUMMARY FOR APRIL 1 2015...

CLIMATE NORMAL PERIOD 1981 TO 2010
CLIMATE RECORD PERIOD 1894 TO 2015


WEATHER ITEM   OBSERVED TIME   RECORD YEAR NORMAL DEPARTURE LAST
                VALUE   (LST)  VALUE       VALUE  FROM      YEAR
                                                  NORMAL
..................................................................
TEMPERATURE (F)
 YESTERDAY
  MAXIMUM         78   1157 AM  91    1946  64     14       54
  MINIMUM         52    625 AM  20    1926  41     11       32
  AVERAGE         65                        52     13       43

PRECIPITATION (IN)
  YESTERDAY        0.00          2.75 1983   0.12  -0.12      T
  MONTH TO DATE    0.00                      0.12  -0.12      T
  SINCE MAR 1      0.55                      3.16  -2.61     0.97
  SINCE JAN 1      1.86                      6.32  -4.46     1.94

DEGREE DAYS
 HEATING
  YESTERDAY        0                        13    -13       22
  MONTH TO DATE    0                        13    -13       22
  SINCE MAR 1    495                       572    -77      708
  SINCE JUL 1   4185                      4144     41     4728

 COOLING
  YESTERDAY        0                         0      0        0
  MONTH TO DATE    0                         0      0        0
  SINCE MAR 1      0                         4     -4        0
  SINCE JAN 1      0                         4     -4        0
..................................................................


WIND (MPH)
  HIGHEST WIND SPEED    25   HIGHEST WIND DIRECTION     S (160)
  HIGHEST GUST SPEED    32   HIGHEST GUST DIRECTION     S (160)
  AVERAGE WIND SPEED    13.3


SKY COVER
  POSSIBLE SUNSHINE  MM
  AVERAGE SKY COVER 0.1


WEATHER CONDITIONS
 THE FOLLOWING WEATHER WAS RECORDED YESTERDAY.
  NO SIGNIFICANT WEATHER WAS OBSERVED.


RELATIVE HUMIDITY (PERCENT)
 HIGHEST    78          1100 PM
 LOWEST     44           100 AM
 AVERAGE    61

..........................................................


THE CHANUTE KS CLIMATE NORMALS FOR TODAY
                         NORMAL    RECORD    YEAR
 MAXIMUM TEMPERATURE (F)   64        89      1918
 MINIMUM TEMPERATURE (F)   41        20      1936


SUNRISE AND SUNSET
APRIL  2 2015.........SUNRISE   706 AM CDT   SUNSET   746 PM CDT
APRIL  3 2015.........SUNRISE   705 AM CDT   SUNSET   746 PM CDT


-  INDICATES NEGATIVE NUMBERS.
R  INDICATES RECORD WAS SET OR TIED.
MM INDICATES DATA IS MISSING.
T  INDICATES TRACE AMOUNT.




$$
