000
CDUS43 KICT 260629
CLICNU

CLIMATE REPORT
NATIONAL WEATHER SERVICE WICHITA KS
128 AM CDT THU MAR 26 2015

...................................

...THE CHANUTE KS CLIMATE SUMMARY FOR MARCH 25 2015...

CLIMATE NORMAL PERIOD 1981 TO 2010
CLIMATE RECORD PERIOD 1894 TO 2015


WEATHER ITEM   OBSERVED TIME   RECORD YEAR NORMAL DEPARTURE LAST
                VALUE   (LST)  VALUE       VALUE  FROM      YEAR
                                                  NORMAL
..................................................................
TEMPERATURE (F)
 YESTERDAY
  MAXIMUM         71   1031 AM  88    1910  61     10       45
  MINIMUM         38    634 AM   8    1955  39     -1       21
  AVERAGE         55                        50      5       33

PRECIPITATION (IN)
  YESTERDAY        0.13          2.23 1920   0.10   0.03     0.00
  MONTH TO DATE    0.54                      2.38  -1.84     0.86
  SINCE MAR 1      0.54                      2.38  -1.84     0.86
  SINCE JAN 1      1.85                      5.54  -3.69     1.83

DEGREE DAYS
 HEATING
  YESTERDAY       10                        15     -5       32
  MONTH TO DATE  419                       474    -55      604
  SINCE MAR 1    419                       474    -55      604
  SINCE JUL 1   4109                      4046     63     4624

 COOLING
  YESTERDAY        0                         0      0        0
  MONTH TO DATE    0                         0      0        0
  SINCE MAR 1      0                         0      0        0
  SINCE JAN 1      0                         0      0        0
..................................................................


WIND (MPH)
  HIGHEST WIND SPEED    29   HIGHEST WIND DIRECTION     N (20)
  HIGHEST GUST SPEED    38   HIGHEST GUST DIRECTION    NE (30)
  AVERAGE WIND SPEED    12.6


SKY COVER
  POSSIBLE SUNSHINE  MM
  AVERAGE SKY COVER 0.5


WEATHER CONDITIONS
 THE FOLLOWING WEATHER WAS RECORDED YESTERDAY.
  THUNDERSTORM
  RAIN
  LIGHT RAIN
  FOG
  HAZE


RELATIVE HUMIDITY (PERCENT)
 HIGHEST   100           600 AM
 LOWEST     39          1100 AM
 AVERAGE    70

..........................................................


THE CHANUTE KS CLIMATE NORMALS FOR TODAY
                         NORMAL    RECORD    YEAR
 MAXIMUM TEMPERATURE (F)   62        85      1918
 MINIMUM TEMPERATURE (F)   39         6      1955


SUNRISE AND SUNSET
MARCH 26 2015.........SUNRISE   717 AM CDT   SUNSET   739 PM CDT
MARCH 27 2015.........SUNRISE   715 AM CDT   SUNSET   740 PM CDT


-  INDICATES NEGATIVE NUMBERS.
R  INDICATES RECORD WAS SET OR TIED.
MM INDICATES DATA IS MISSING.
T  INDICATES TRACE AMOUNT.

$$
