000
CDUS43 KICT 150631
CLICNU

CLIMATE REPORT
NATIONAL WEATHER SERVICE WICHITA KS
130 AM CDT WED APR 15 2015


...................................

...THE CHANUTE KS CLIMATE SUMMARY FOR APRIL 14 2015...

CLIMATE NORMAL PERIOD 1981 TO 2010
CLIMATE RECORD PERIOD 1894 TO 2015


WEATHER ITEM   OBSERVED TIME   RECORD YEAR NORMAL DEPARTURE LAST
                VALUE   (LST)  VALUE       VALUE  FROM      YEAR
                                                  NORMAL
..................................................................
TEMPERATURE (F)
 YESTERDAY
  MAXIMUM         69    138 PM  96    1936  68      1       47
  MINIMUM         53    658 AM  23    1950  45      8       29
  AVERAGE         61                        56      5       38

PRECIPITATION (IN)
  YESTERDAY        T             1.14 1960   0.15  -0.15     0.01
  MONTH TO DATE    3.35                      1.83   1.52     0.87
  SINCE MAR 1      3.90                      4.87  -0.97     1.84
  SINCE JAN 1      5.21                      8.03  -2.82     2.81

DEGREE DAYS
 HEATING
  YESTERDAY        4                         9     -5       27
  MONTH TO DATE   94                       158    -64      153
  SINCE MAR 1    589                       717   -128      839
  SINCE JUL 1   4279                      4289    -10     4859

 COOLING
  YESTERDAY        0                         1     -1        0
  MONTH TO DATE   20                        10     10        4
  SINCE MAR 1     20                        14      6        4
  SINCE JAN 1     20                        14      6        4
..................................................................


WIND (MPH)
  HIGHEST WIND SPEED    22   HIGHEST WIND DIRECTION     E (110)
  HIGHEST GUST SPEED    26   HIGHEST GUST DIRECTION     E (110)
  AVERAGE WIND SPEED    10.0


SKY COVER
  POSSIBLE SUNSHINE  MM
  AVERAGE SKY COVER 0.5


WEATHER CONDITIONS
 THE FOLLOWING WEATHER WAS RECORDED YESTERDAY.
  LIGHT RAIN


RELATIVE HUMIDITY (PERCENT)
 HIGHEST    64          1200 AM
 LOWEST     32          1000 AM
 AVERAGE    48

..........................................................


THE CHANUTE KS CLIMATE NORMALS FOR TODAY
                         NORMAL    RECORD    YEAR
 MAXIMUM TEMPERATURE (F)   68        91      1936
 MINIMUM TEMPERATURE (F)   46        23      2014


SUNRISE AND SUNSET
APRIL 15 2015.........SUNRISE   647 AM CDT   SUNSET   757 PM CDT
APRIL 16 2015.........SUNRISE   646 AM CDT   SUNSET   758 PM CDT


-  INDICATES NEGATIVE NUMBERS.
R  INDICATES RECORD WAS SET OR TIED.
MM INDICATES DATA IS MISSING.
T  INDICATES TRACE AMOUNT.




$$
