000
CDUS43 KICT 270709
CLICNU


CLIMATE REPORT
NATIONAL WEATHER SERVICE WICHITA KS
209 AM CDT MON APR 27 2015


...................................

...THE CHANUTE KS CLIMATE SUMMARY FOR APRIL 26 2015...

CLIMATE NORMAL PERIOD 1981 TO 2010
CLIMATE RECORD PERIOD 1894 TO 2015


WEATHER ITEM   OBSERVED TIME   RECORD YEAR NORMAL DEPARTURE LAST
                VALUE   (LST)  VALUE       VALUE  FROM      YEAR
                                                  NORMAL
..................................................................
TEMPERATURE (F)
 YESTERDAY
  MAXIMUM         57    335 PM  91    1901  71    -14       82
  MINIMUM         51   1029 PM  32    1910  49      2       54
  AVERAGE         54                        60     -6       68

PRECIPITATION (IN)
  YESTERDAY        T             2.30 1915   0.17  -0.17     0.10
  MONTH TO DATE    4.53                      3.72   0.81     1.61
  SINCE MAR 1      5.08                      6.76  -1.68     2.58
  SINCE JAN 1      6.39                      9.92  -3.53     3.55

DEGREE DAYS
 HEATING
  YESTERDAY       11                         6      5        0
  MONTH TO DATE  163                       249    -86      248
  SINCE MAR 1    658                       808   -150      934
  SINCE JUL 1   4348                      4380    -32     4954

 COOLING
  YESTERDAY        0                         1     -1        3
  MONTH TO DATE   22                        22      0       10
  SINCE MAR 1     22                        26     -4       10
  SINCE JAN 1     22                        26     -4       10
..................................................................


WIND (MPH)
  HIGHEST WIND SPEED    20   HIGHEST WIND DIRECTION    NE (60)
  HIGHEST GUST SPEED    26   HIGHEST GUST DIRECTION    NE (50)
  AVERAGE WIND SPEED    11.5


SKY COVER
  POSSIBLE SUNSHINE  MM
  AVERAGE SKY COVER 0.8


WEATHER CONDITIONS
 THE FOLLOWING WEATHER WAS RECORDED YESTERDAY.
  FOG


RELATIVE HUMIDITY (PERCENT)
 HIGHEST    96           100 AM
 LOWEST     66           600 PM
 AVERAGE    81

..........................................................


THE CHANUTE KS CLIMATE NORMALS FOR TODAY
                         NORMAL    RECORD    YEAR
 MAXIMUM TEMPERATURE (F)   71        89      1899
 MINIMUM TEMPERATURE (F)   50        32      1967


SUNRISE AND SUNSET
APRIL 27 2015.........SUNRISE   631 AM CDT   SUNSET   808 PM CDT
APRIL 28 2015.........SUNRISE   630 AM CDT   SUNSET   809 PM CDT


-  INDICATES NEGATIVE NUMBERS.
R  INDICATES RECORD WAS SET OR TIED.
MM INDICATES DATA IS MISSING.
T  INDICATES TRACE AMOUNT.




$$
