000
CDUS43 KICT 300619
CLICNU


CLIMATE REPORT
NATIONAL WEATHER SERVICE WICHITA KS
119 AM CDT THU APR 30 2015


...................................

...THE CHANUTE KS CLIMATE SUMMARY FOR APRIL 29 2015...

CLIMATE NORMAL PERIOD 1981 TO 2010
CLIMATE RECORD PERIOD 1894 TO 2015


WEATHER ITEM   OBSERVED TIME   RECORD YEAR NORMAL DEPARTURE LAST
                VALUE   (LST)  VALUE       VALUE  FROM      YEAR
                                                  NORMAL
..................................................................
TEMPERATURE (F)
 YESTERDAY
  MAXIMUM         75    258 PM  92    1910  72      3       50
  MINIMUM         44    440 AM  36    1969  51     -7       44
  AVERAGE         60                        61     -1       47

PRECIPITATION (IN)
  YESTERDAY        0.00          2.02 1984   0.17  -0.17     0.10
  MONTH TO DATE    4.53                      4.22   0.31     2.00
  SINCE MAR 1      5.08                      7.26  -2.18     2.97
  SINCE JAN 1      6.39                     10.42  -4.03     3.94

DEGREE DAYS
 HEATING
  YESTERDAY        5                         5      0       18
  MONTH TO DATE  182                       266    -84      272
  SINCE MAR 1    677                       825   -148      958
  SINCE JUL 1   4367                      4397    -30     4978

 COOLING
  YESTERDAY        0                         1     -1        0
  MONTH TO DATE   22                        25     -3       16
  SINCE MAR 1     22                        29     -7       16
  SINCE JAN 1     22                        29     -7       16
..................................................................


WIND (MPH)
  HIGHEST WIND SPEED    17   HIGHEST WIND DIRECTION    NW (320)
  HIGHEST GUST SPEED    23   HIGHEST GUST DIRECTION    NW (320)
  AVERAGE WIND SPEED     6.0


SKY COVER
  POSSIBLE SUNSHINE  MM
  AVERAGE SKY COVER 0.0


WEATHER CONDITIONS
 THE FOLLOWING WEATHER WAS RECORDED YESTERDAY.
  NO SIGNIFICANT WEATHER WAS OBSERVED.


RELATIVE HUMIDITY (PERCENT)
 HIGHEST    86           200 AM
 LOWEST     29           400 PM
 AVERAGE    58

..........................................................


THE CHANUTE KS CLIMATE NORMALS FOR TODAY
                         NORMAL    RECORD    YEAR
 MAXIMUM TEMPERATURE (F)   72        90      1959
 MINIMUM TEMPERATURE (F)   51        32      2005


SUNRISE AND SUNSET
APRIL 30 2015.........SUNRISE   628 AM CDT   SUNSET   811 PM CDT
MAY  1 2015...........SUNRISE   627 AM CDT   SUNSET   812 PM CDT


-  INDICATES NEGATIVE NUMBERS.
R  INDICATES RECORD WAS SET OR TIED.
MM INDICATES DATA IS MISSING.
T  INDICATES TRACE AMOUNT.




$$
