000
CDUS43 KICT 170657
CLICNU


CLIMATE REPORT
NATIONAL WEATHER SERVICE WICHITA KS
156 AM CDT FRI APR 17 2015


...................................

...THE CHANUTE KS CLIMATE SUMMARY FOR APRIL 16 2015...

CLIMATE NORMAL PERIOD 1981 TO 2010
CLIMATE RECORD PERIOD 1894 TO 2015


WEATHER ITEM   OBSERVED TIME   RECORD YEAR NORMAL DEPARTURE LAST
                VALUE   (LST)  VALUE       VALUE  FROM      YEAR
                                                  NORMAL
..................................................................
TEMPERATURE (F)
 YESTERDAY
  MAXIMUM         76    356 PM  88    2006  68      8       65
  MINIMUM         52    405 AM  24    1953  46      6       43
  AVERAGE         64                        57      7       54

PRECIPITATION (IN)
  YESTERDAY        0.00          1.20 1978   0.15  -0.15     0.00
  MONTH TO DATE    3.35                      2.13   1.22     0.87
  SINCE MAR 1      3.90                      5.17  -1.27     1.84
  SINCE JAN 1      5.21                      8.33  -3.12     2.81

DEGREE DAYS
 HEATING
  YESTERDAY        1                         9     -8       11
  MONTH TO DATE  103                       176    -73      188
  SINCE MAR 1    598                       735   -137      874
  SINCE JUL 1   4288                      4307    -19     4894

 COOLING
  YESTERDAY        0                         1     -1        0
  MONTH TO DATE   20                        12      8        4
  SINCE MAR 1     20                        16      4        4
  SINCE JAN 1     20                        16      4        4
..................................................................


WIND (MPH)
  HIGHEST WIND SPEED    13   HIGHEST WIND DIRECTION     S (160)
  HIGHEST GUST SPEED    20   HIGHEST GUST DIRECTION    SE (120)
  AVERAGE WIND SPEED     7.3


SKY COVER
  POSSIBLE SUNSHINE  MM
  AVERAGE SKY COVER 0.5


WEATHER CONDITIONS
 THE FOLLOWING WEATHER WAS RECORDED YESTERDAY.
  FOG
  FOG W/VISIBILITY <= 1/4 MILE


RELATIVE HUMIDITY (PERCENT)
 HIGHEST   100           300 AM
 LOWEST     60           400 PM
 AVERAGE    80

..........................................................


THE CHANUTE KS CLIMATE NORMALS FOR TODAY
                         NORMAL    RECORD    YEAR
 MAXIMUM TEMPERATURE (F)   68        89      1913
 MINIMUM TEMPERATURE (F)   46        27      1921


SUNRISE AND SUNSET
APRIL 17 2015.........SUNRISE   644 AM CDT   SUNSET   759 PM CDT
APRIL 18 2015.........SUNRISE   643 AM CDT   SUNSET   800 PM CDT


-  INDICATES NEGATIVE NUMBERS.
R  INDICATES RECORD WAS SET OR TIED.
MM INDICATES DATA IS MISSING.
T  INDICATES TRACE AMOUNT.




$$
