000
CDUS43 KICT 100619
CLICNU


CLIMATE REPORT
NATIONAL WEATHER SERVICE WICHITA KS
119 AM CDT FRI APR 10 2015


...................................

...THE CHANUTE KS CLIMATE SUMMARY FOR APRIL 9 2015...

CLIMATE NORMAL PERIOD 1981 TO 2010
CLIMATE RECORD PERIOD 1894 TO 2015


WEATHER ITEM   OBSERVED TIME   RECORD YEAR NORMAL DEPARTURE LAST
                VALUE   (LST)  VALUE       VALUE  FROM      YEAR
                                                  NORMAL
..................................................................
TEMPERATURE (F)
 YESTERDAY
  MAXIMUM         76   1025 AM  89    1930  66     10       77
  MINIMUM         42   1159 PM  24    2003  44     -2       31
  AVERAGE         59                        55      4       54

PRECIPITATION (IN)
  YESTERDAY        0.09          1.33 1956   0.14  -0.05     0.00
  MONTH TO DATE    1.46                      1.14   0.32     0.02
  SINCE MAR 1      2.01                      4.18  -2.17     0.99
  SINCE JAN 1      3.32                      7.34  -4.02     1.96

DEGREE DAYS
 HEATING
  YESTERDAY        6                        11     -5       11
  MONTH TO DATE   64                       108    -44      118
  SINCE MAR 1    559                       667   -108      804
  SINCE JUL 1   4249                      4239     10     4824

 COOLING
  YESTERDAY        0                         1     -1        0
  MONTH TO DATE   20                         5     15        0
  SINCE MAR 1     20                         9     11        0
  SINCE JAN 1     20                         9     11        0
..................................................................


WIND (MPH)
  HIGHEST WIND SPEED    31   HIGHEST WIND DIRECTION    NW (300)
  HIGHEST GUST SPEED    37   HIGHEST GUST DIRECTION     W (290)
  AVERAGE WIND SPEED    18.4


SKY COVER
  POSSIBLE SUNSHINE  MM
  AVERAGE SKY COVER 0.3


WEATHER CONDITIONS
 THE FOLLOWING WEATHER WAS RECORDED YESTERDAY.
  THUNDERSTORM
  HEAVY RAIN
  LIGHT RAIN
  FOG


RELATIVE HUMIDITY (PERCENT)
 HIGHEST    93           600 AM
 LOWEST     48           300 PM
 AVERAGE    71

..........................................................


THE CHANUTE KS CLIMATE NORMALS FOR TODAY
                         NORMAL    RECORD    YEAR
 MAXIMUM TEMPERATURE (F)   66        92      1930
 MINIMUM TEMPERATURE (F)   44        26      2003


SUNRISE AND SUNSET
APRIL 10 2015.........SUNRISE   654 AM CDT   SUNSET   753 PM CDT
APRIL 11 2015.........SUNRISE   653 AM CDT   SUNSET   754 PM CDT


-  INDICATES NEGATIVE NUMBERS.
R  INDICATES RECORD WAS SET OR TIED.
MM INDICATES DATA IS MISSING.
T  INDICATES TRACE AMOUNT.




$$
