000
CDUS43 KICT 020624
CLIICT


CLIMATE REPORT
NATIONAL WEATHER SERVICE WICHITA KS
123 AM CDT SAT MAY 2 2015


...................................

...THE WICHITA EISENHOWER NATIONAL CLIMATE SUMMARY FOR MAY 1 2015...

CLIMATE NORMAL PERIOD 1981 TO 2010
CLIMATE RECORD PERIOD 1888 TO 2015


WEATHER ITEM   OBSERVED TIME   RECORD YEAR NORMAL DEPARTURE LAST
                VALUE   (LST)  VALUE       VALUE  FROM      YEAR
                                                  NORMAL
..................................................................
TEMPERATURE (F)
 YESTERDAY
  MAXIMUM         80    246 PM  91    1968  72      8       66
  MINIMUM         51    610 AM  27    1909  50      1       37
  AVERAGE         66                        61      5       52

PRECIPITATION (IN)
  YESTERDAY        0.00          2.56 1910   0.12  -0.12     0.00
  MONTH TO DATE    0.00                      0.12  -0.12     0.00
  SINCE MAR 1      2.90                      5.40  -2.50     1.02
  SINCE JAN 1      4.67                      7.41  -2.74     2.01

SNOWFALL (IN)
  YESTERDAY        0.0           T    2008   0.0    0.0      0.0
  MONTH TO DATE    0.0                       0.0    0.0      0.0
  SINCE MAR 1      1.1                       2.5   -1.4      3.5
  SINCE JUL 1     18.0                      14.9    3.1     23.0
  SNOW DEPTH       0

DEGREE DAYS
 HEATING
  YESTERDAY        0                         5     -5       13
  MONTH TO DATE    0                         5     -5       13
  SINCE MAR 1    637                       873   -236      960
  SINCE JUL 1   4202                      4513   -311     4879

 COOLING
  YESTERDAY        1                         1      0        0
  MONTH TO DATE    1                         1      0        0
  SINCE MAR 1     29                        27      2       33
  SINCE JAN 1     29                        27      2       33
..................................................................


WIND (MPH)
  HIGHEST WIND SPEED    17   HIGHEST WIND DIRECTION     S (170)
  HIGHEST GUST SPEED    23   HIGHEST GUST DIRECTION     S (200)
  AVERAGE WIND SPEED     8.7


SKY COVER
  POSSIBLE SUNSHINE  MM
  AVERAGE SKY COVER 0.3


WEATHER CONDITIONS
 THE FOLLOWING WEATHER WAS RECORDED YESTERDAY.
  NO SIGNIFICANT WEATHER WAS OBSERVED.


RELATIVE HUMIDITY (PERCENT)
 HIGHEST    64          1100 PM
 LOWEST     29          1000 AM
 AVERAGE    47

..........................................................


THE WICHITA EISENHOWER NATIONAL CLIMATE NORMALS FOR TODAY
                         NORMAL    RECORD    YEAR
 MAXIMUM TEMPERATURE (F)   73        92      1968
                                             1955
 MINIMUM TEMPERATURE (F)   50        33      2005


SUNRISE AND SUNSET
MAY  2 2015...........SUNRISE   633 AM CDT   SUNSET   821 PM CDT
MAY  3 2015...........SUNRISE   632 AM CDT   SUNSET   821 PM CDT


-  INDICATES NEGATIVE NUMBERS.
R  INDICATES RECORD WAS SET OR TIED.
MM INDICATES DATA IS MISSING.
T  INDICATES TRACE AMOUNT.




$$
