000
CDUS43 KICT 210626
CLIICT


CLIMATE REPORT
NATIONAL WEATHER SERVICE WICHITA KS
126 AM CDT TUE APR 21 2015


...................................

...THE WICHITA EISENHOWER NATIONAL CLIMATE SUMMARY FOR APRIL 20 2015...

CLIMATE NORMAL PERIOD 1981 TO 2010
CLIMATE RECORD PERIOD 1888 TO 2015


WEATHER ITEM   OBSERVED TIME   RECORD YEAR NORMAL DEPARTURE LAST
                VALUE   (LST)  VALUE       VALUE  FROM      YEAR
                                                  NORMAL
..................................................................
TEMPERATURE (F)
 YESTERDAY
  MAXIMUM         64    352 PM  93    1961  69     -5       73
  MINIMUM         40    610 AM  31    1978  46     -6       58
                                      1966
                                      1918
  AVERAGE         52                        58     -6       66

PRECIPITATION (IN)
  YESTERDAY        0.00          2.20 1974   0.08  -0.08      T
  MONTH TO DATE    2.60                      1.56   1.04     0.45
  SINCE MAR 1      2.88                      4.25  -1.37     0.94
  SINCE JAN 1      4.65                      6.26  -1.61     1.93

SNOWFALL (IN)
  YESTERDAY       MM             0.1  1918   0.0   MM        0.0
  MONTH TO DATE    0.0                       0.2   -0.2      0.3
  SINCE MAR 1      1.1                       2.5   -1.4      3.5
  SINCE JUL 1     18.0                      14.9    3.1     23.0
  SNOW DEPTH       0

DEGREE DAYS
 HEATING
  YESTERDAY       13                         8      5        0
  MONTH TO DATE  111                       223   -112      214
  SINCE MAR 1    585                       800   -215      891
  SINCE JUL 1   4150                      4440   -290     4810

 COOLING
  YESTERDAY        0                         1     -1        1
  MONTH TO DATE   25                        13     12       10
  SINCE MAR 1     25                        15     10       10
  SINCE JAN 1     25                        15     10       10
..................................................................


WIND (MPH)
  HIGHEST WIND SPEED    23   HIGHEST WIND DIRECTION    NW (320)
  HIGHEST GUST SPEED    30   HIGHEST GUST DIRECTION     W (290)
  AVERAGE WIND SPEED    11.9


SKY COVER
  POSSIBLE SUNSHINE  MM
  AVERAGE SKY COVER 0.3


WEATHER CONDITIONS
 THE FOLLOWING WEATHER WAS RECORDED YESTERDAY.
  HAZE


RELATIVE HUMIDITY (PERCENT)
 HIGHEST    70           400 AM
 LOWEST     26           300 PM
 AVERAGE    48

..........................................................


THE WICHITA EISENHOWER NATIONAL CLIMATE NORMALS FOR TODAY
                         NORMAL    RECORD    YEAR
 MAXIMUM TEMPERATURE (F)   69        92      1963
 MINIMUM TEMPERATURE (F)   46        28      1966


SUNRISE AND SUNSET
APRIL 21 2015.........SUNRISE   647 AM CDT   SUNSET   811 PM CDT
APRIL 22 2015.........SUNRISE   646 AM CDT   SUNSET   811 PM CDT


-  INDICATES NEGATIVE NUMBERS.
R  INDICATES RECORD WAS SET OR TIED.
MM INDICATES DATA IS MISSING.
T  INDICATES TRACE AMOUNT.




$$

JMBW
