000
CDUS43 KICT 132204
CLIICT


CLIMATE REPORT
NATIONAL WEATHER SERVICE WICHITA KS
504 PM CDT MON APR 13 2015


...................................

...THE WICHITA EISENHOWER NATIONAL CLIMATE SUMMARY FOR APRIL 13 2015...
VALID TODAY AS OF 0500 PM LOCAL TIME.

CLIMATE NORMAL PERIOD 1981 TO 2010
CLIMATE RECORD PERIOD 1888 TO 2015


WEATHER ITEM   OBSERVED TIME   RECORD YEAR NORMAL DEPARTURE LAST
                VALUE   (LST)  VALUE       VALUE  FROM      YEAR
                                                  NORMAL
..................................................................
TEMPERATURE (F)
 TODAY
  MAXIMUM         67   1241 PM  96    2006  67      0       82
  MINIMUM         53    748 AM  21    1950  44      9       36
  AVERAGE         60                        55      5       59

PRECIPITATION (IN)
  TODAY            T             1.58 2007   0.08  -0.08     0.01
  MONTH TO DATE    1.44                      0.98   0.46     0.42
  SINCE MAR 1      1.72                      3.67  -1.95     0.91
  SINCE JAN 1      3.49                      5.68  -2.19     1.90

SNOWFALL (IN)
  TODAY            0.0           0.5  2007   0.0    0.0      0.0
  MONTH TO DATE    0.0                       0.2   -0.2      0.0
  SINCE MAR 1      1.1                       2.5   -1.4      3.2
  SINCE JUL 1     18.0                      14.9    3.1     22.7
  SNOW DEPTH       0

DEGREE DAYS
 HEATING
  TODAY            5                        10     -5        6
  MONTH TO DATE   80                       158    -78      129
  SINCE MAR 1    554                       735   -181      806
  SINCE JUL 1   4119                      4375   -256     4725

 COOLING
  TODAY            0                         1     -1        0
  MONTH TO DATE   23                         6     17        9
  SINCE MAR 1     23                         8     15        9
  SINCE JAN 1     23                         8     15        9
..................................................................


WIND (MPH)
  HIGHEST WIND SPEED    31   HIGHEST WIND DIRECTION    NE (50)
  HIGHEST GUST SPEED    38   HIGHEST GUST DIRECTION    NE (50)
  AVERAGE WIND SPEED    18.2


SKY COVER
  POSSIBLE SUNSHINE  MM
  AVERAGE SKY COVER 0.9


WEATHER CONDITIONS
 THE FOLLOWING WEATHER WAS RECORDED TODAY.
  THUNDERSTORM
  LIGHT RAIN


RELATIVE HUMIDITY (PERCENT)
 HIGHEST    97          1200 AM
 LOWEST     20           100 PM
 AVERAGE    59

..........................................................


THE WICHITA EISENHOWER NATIONAL CLIMATE NORMALS FOR TOMORROW
                         NORMAL    RECORD    YEAR
 MAXIMUM TEMPERATURE (F)   67        93      1936
 MINIMUM TEMPERATURE (F)   44        25      1928


SUNRISE AND SUNSET
APRIL 13 2015.........SUNRISE   658 AM CDT   SUNSET   803 PM CDT
APRIL 14 2015.........SUNRISE   656 AM CDT   SUNSET   804 PM CDT


-  INDICATES NEGATIVE NUMBERS.
R  INDICATES RECORD WAS SET OR TIED.
MM INDICATES DATA IS MISSING.
T  INDICATES TRACE AMOUNT.




$$
