000
CDUS43 KICT 150631
CLIICT

CLIMATE REPORT
NATIONAL WEATHER SERVICE WICHITA KS
130 AM CDT WED APR 15 2015


...................................

...THE WICHITA EISENHOWER NATIONAL CLIMATE SUMMARY FOR APRIL 14 2015...

CLIMATE NORMAL PERIOD 1981 TO 2010
CLIMATE RECORD PERIOD 1888 TO 2015


WEATHER ITEM   OBSERVED TIME   RECORD YEAR NORMAL DEPARTURE LAST
                VALUE   (LST)  VALUE       VALUE  FROM      YEAR
                                                  NORMAL
..................................................................
TEMPERATURE (F)
 YESTERDAY
  MAXIMUM         69    117 PM  93    1936  67      2       50
  MINIMUM         52    547 AM  25    1928  44      8       30
  AVERAGE         61                        56      5       40

PRECIPITATION (IN)
  YESTERDAY        T             1.83 1918   0.08  -0.08     0.03
  MONTH TO DATE    1.44                      1.06   0.38     0.45
  SINCE MAR 1      1.72                      3.75  -2.03     0.94
  SINCE JAN 1      3.49                      5.76  -2.27     1.93

SNOWFALL (IN)
  YESTERDAY        0.0           0.8  2007   0.0    0.0      0.3
  MONTH TO DATE    0.0                       0.2   -0.2      0.3
  SINCE MAR 1      1.1                       2.5   -1.4      3.5
  SINCE JUL 1     18.0                      14.9    3.1     23.0
  SNOW DEPTH       0

DEGREE DAYS
 HEATING
  YESTERDAY        4                        10     -6       25
  MONTH TO DATE   84                       168    -84      154
  SINCE MAR 1    558                       745   -187      831
  SINCE JUL 1   4123                      4385   -262     4750

 COOLING
  YESTERDAY        0                         1     -1        0
  MONTH TO DATE   23                         7     16        9
  SINCE MAR 1     23                         9     14        9
  SINCE JAN 1     23                         9     14        9
..................................................................


WIND (MPH)
  HIGHEST WIND SPEED    17   HIGHEST WIND DIRECTION     E (70)
  HIGHEST GUST SPEED    21   HIGHEST GUST DIRECTION     E (100)
  AVERAGE WIND SPEED     9.2


SKY COVER
  POSSIBLE SUNSHINE  MM
  AVERAGE SKY COVER 0.9


WEATHER CONDITIONS
 THE FOLLOWING WEATHER WAS RECORDED YESTERDAY.
  LIGHT RAIN


RELATIVE HUMIDITY (PERCENT)
 HIGHEST    62          1100 PM
 LOWEST     21           100 PM
 AVERAGE    42

..........................................................


THE WICHITA EISENHOWER NATIONAL CLIMATE NORMALS FOR TODAY
                         NORMAL    RECORD    YEAR
 MAXIMUM TEMPERATURE (F)   68        95      2006
 MINIMUM TEMPERATURE (F)   44        25      1983


SUNRISE AND SUNSET
APRIL 15 2015.........SUNRISE   655 AM CDT   SUNSET   805 PM CDT
APRIL 16 2015.........SUNRISE   654 AM CDT   SUNSET   806 PM CDT


-  INDICATES NEGATIVE NUMBERS.
R  INDICATES RECORD WAS SET OR TIED.
MM INDICATES DATA IS MISSING.
T  INDICATES TRACE AMOUNT.




$$
