000
CDUS43 KICT 190710
CLIICT


CLIMATE REPORT
NATIONAL WEATHER SERVICE WICHITA KS
210 AM CDT SUN APR 19 2015


...................................

...THE WICHITA EISENHOWER NATIONAL CLIMATE SUMMARY FOR APRIL 18 2015...

CLIMATE NORMAL PERIOD 1981 TO 2010
CLIMATE RECORD PERIOD 1888 TO 2015


WEATHER ITEM   OBSERVED TIME   RECORD YEAR NORMAL DEPARTURE LAST
                VALUE   (LST)  VALUE       VALUE  FROM      YEAR
                                                  NORMAL
..................................................................
TEMPERATURE (F)
 YESTERDAY
  MAXIMUM         75    352 PM  91    1987  69      6       72
  MINIMUM         54    736 PM  28    1953  45      9       31
  AVERAGE         65                        57      8       52

PRECIPITATION (IN)
  YESTERDAY        0.75          1.96 1970   0.08   0.67     0.00
  MONTH TO DATE    2.59                      1.39   1.20     0.45
  SINCE MAR 1      2.87                      4.08  -1.21     0.94
  SINCE JAN 1      4.64                      6.09  -1.45     1.93

SNOWFALL (IN)
  YESTERDAY        0.0           T    2013   0.0    0.0      0.0
  MONTH TO DATE    0.0                       0.2   -0.2      0.3
  SINCE MAR 1      1.1                       2.5   -1.4      3.5
  SINCE JUL 1     18.0                      14.9    3.1     23.0
  SNOW DEPTH       0

DEGREE DAYS
 HEATING
  YESTERDAY        0                         9     -9       13
  MONTH TO DATE   88                       206   -118      213
  SINCE MAR 1    562                       783   -221      890
  SINCE JUL 1   4127                      4423   -296     4809

 COOLING
  YESTERDAY        0                         1     -1        0
  MONTH TO DATE   25                        11     14        9
  SINCE MAR 1     25                        13     12        9
  SINCE JAN 1     25                        13     12        9
..................................................................


WIND (MPH)
  HIGHEST WIND SPEED    26   HIGHEST WIND DIRECTION     N (340)
  HIGHEST GUST SPEED    31   HIGHEST GUST DIRECTION     N (340)
  AVERAGE WIND SPEED     9.7


SKY COVER
  POSSIBLE SUNSHINE  MM
  AVERAGE SKY COVER 0.9


WEATHER CONDITIONS
 THE FOLLOWING WEATHER WAS RECORDED YESTERDAY.
  THUNDERSTORM
  HEAVY RAIN
  RAIN
  LIGHT RAIN
  HAIL
  FOG


RELATIVE HUMIDITY (PERCENT)
 HIGHEST    93          1100 PM
 LOWEST     53           400 PM
 AVERAGE    73

..........................................................


THE WICHITA EISENHOWER NATIONAL CLIMATE NORMALS FOR TODAY
                         NORMAL    RECORD    YEAR
 MAXIMUM TEMPERATURE (F)   69        91      1987
 MINIMUM TEMPERATURE (F)   46        31      2013


SUNRISE AND SUNSET
APRIL 19 2015.........SUNRISE   650 AM CDT   SUNSET   809 PM CDT
APRIL 20 2015.........SUNRISE   648 AM CDT   SUNSET   810 PM CDT


-  INDICATES NEGATIVE NUMBERS.
R  INDICATES RECORD WAS SET OR TIED.
MM INDICATES DATA IS MISSING.
T  INDICATES TRACE AMOUNT.




$$
