000
CDUS43 KICT 102204
CLIICT


CLIMATE REPORT
NATIONAL WEATHER SERVICE WICHITA KS
504 PM CDT FRI APR 10 2015


...................................

...THE WICHITA EISENHOWER NATIONAL CLIMATE SUMMARY FOR APRIL 10 2015...
VALID TODAY AS OF 500 PM LOCAL TIME.

CLIMATE NORMAL PERIOD 1981 TO 2010
CLIMATE RECORD PERIOD 1888 TO 2015


WEATHER ITEM   OBSERVED TIME   RECORD YEAR NORMAL DEPARTURE LAST
                VALUE   (LST)  VALUE       VALUE  FROM      YEAR
                                                  NORMAL
..................................................................
TEMPERATURE (F)
 TODAY
  MAXIMUM         72    340 PM  87    1930  66      6       76
                                      1896
  MINIMUM         34    106 AM  26    1973  43     -9       50
                                      1952
  AVERAGE         53                        54     -1       63

PRECIPITATION (IN)
  TODAY            0.00          1.40 1997   0.07  -0.07     0.00
  MONTH TO DATE    0.08                      0.75  -0.67     0.41
  SINCE MAR 1      0.36                      3.44  -3.08     0.90
  SINCE JAN 1      2.13                      5.45  -3.32     1.89

SNOWFALL (IN)
  TODAY            0.0           T    2013   0.0    0.0      0.0
                                      2009
                                      2008
  MONTH TO DATE    0.0                       0.1   -0.1      0.0
  SINCE MAR 1      1.1                       2.4   -1.3      3.2
  SINCE JUL 1     18.0                      14.8    3.2     22.7
  SNOW DEPTH       0

DEGREE DAYS
 HEATING
  TODAY           12                        11      1        2
  MONTH TO DATE   71                       126    -55      123
  SINCE MAR 1    545                       703   -158      800
  SINCE JUL 1   4110                      4343   -233     4719

 COOLING
  TODAY            0                         1     -1        0
  MONTH TO DATE   22                         3     19        0
  SINCE MAR 1     22                         5     17        0
  SINCE JAN 1     22                         5     17        0
..................................................................


WIND (MPH)
  HIGHEST WIND SPEED    10   HIGHEST WIND DIRECTION     W (280)
  HIGHEST GUST SPEED    17   HIGHEST GUST DIRECTION    NW (330)
  AVERAGE WIND SPEED     5.4


SKY COVER
  POSSIBLE SUNSHINE  MM
  AVERAGE SKY COVER 0.1


WEATHER CONDITIONS
 THE FOLLOWING WEATHER WAS RECORDED TODAY.
  NO SIGNIFICANT WEATHER WAS OBSERVED.


RELATIVE HUMIDITY (PERCENT)
 HIGHEST    82           100 AM
 LOWEST     16           300 PM
 AVERAGE    49

..........................................................


THE WICHITA EISENHOWER NATIONAL CLIMATE NORMALS FOR TOMORROW
                         NORMAL    RECORD    YEAR
 MAXIMUM TEMPERATURE (F)   66        87      1996
 MINIMUM TEMPERATURE (F)   43        24      1940


SUNRISE AND SUNSET
APRIL 10 2015.........SUNRISE   702 AM CDT   SUNSET   800 PM CDT
APRIL 11 2015.........SUNRISE   701 AM CDT   SUNSET   801 PM CDT


-  INDICATES NEGATIVE NUMBERS.
R  INDICATES RECORD WAS SET OR TIED.
MM INDICATES DATA IS MISSING.
T  INDICATES TRACE AMOUNT.




$$
