000
CDUS43 KICT 010631
CLIICT


CLIMATE REPORT
NATIONAL WEATHER SERVICE WICHITA KS
130 AM CDT WED APR 1 2015


...................................

...THE WICHITA EISENHOWER NATIONAL CLIMATE SUMMARY FOR MARCH 31 2015...

CLIMATE NORMAL PERIOD 1981 TO 2010
CLIMATE RECORD PERIOD 1888 TO 2015


WEATHER ITEM   OBSERVED TIME   RECORD YEAR NORMAL DEPARTURE LAST
                VALUE   (LST)  VALUE       VALUE  FROM      YEAR
                                                  NORMAL
..................................................................
TEMPERATURE (F)
 YESTERDAY
  MAXIMUM         84    235 PM  88    1946  63     21       76
                                      1940
  MINIMUM         44    510 AM  19    1926  39      5       42
  AVERAGE         64                        51     13       59

PRECIPITATION (IN)
  YESTERDAY        0.00          2.10 1927   0.10  -0.10     0.00
  MONTH TO DATE    0.28                      2.69  -2.41     0.49
  SINCE MAR 1      0.28                      2.69  -2.41     0.49
  SINCE JAN 1      2.05                      4.70  -2.65     1.48

SNOWFALL (IN)
  YESTERDAY        0.0           0.8  1984   0.1   -0.1      0.0
  MONTH TO DATE    1.1                       2.3   -1.2      3.2
  SINCE MAR 1      1.1                       2.3   -1.2      3.2
  SINCE JUL 1     18.0                      14.7    3.3     22.7
  SNOW DEPTH       0

DEGREE DAYS
 HEATING
  YESTERDAY        1                        14    -13        6
  MONTH TO DATE  474                       576   -102      677
  SINCE MAR 1    474                       577   -103      677
  SINCE JUL 1   4039                      4217   -178     4596

 COOLING
  YESTERDAY        0                         0      0        0
  MONTH TO DATE    0                         2     -2        0
  SINCE MAR 1      0                         2     -2        0
  SINCE JAN 1      0                         2     -2        0
..................................................................


WIND (MPH)
  HIGHEST WIND SPEED    16   HIGHEST WIND DIRECTION    SE (130)
  HIGHEST GUST SPEED    21   HIGHEST GUST DIRECTION    NE (60)
  AVERAGE WIND SPEED     8.7


SKY COVER
  POSSIBLE SUNSHINE  MM
  AVERAGE SKY COVER 0.3


WEATHER CONDITIONS
 THE FOLLOWING WEATHER WAS RECORDED YESTERDAY.
  NO SIGNIFICANT WEATHER WAS OBSERVED.


RELATIVE HUMIDITY (PERCENT)
 HIGHEST    83           500 AM
 LOWEST     14           200 PM
 AVERAGE    49

..........................................................


THE WICHITA EISENHOWER NATIONAL CLIMATE NORMALS FOR TODAY
                         NORMAL    RECORD    YEAR
 MAXIMUM TEMPERATURE (F)   63        89      1903
 MINIMUM TEMPERATURE (F)   40        20      1972


SUNRISE AND SUNSET
APRIL  1 2015.........SUNRISE   715 AM CDT   SUNSET   752 PM CDT
APRIL  2 2015.........SUNRISE   714 AM CDT   SUNSET   753 PM CDT


-  INDICATES NEGATIVE NUMBERS.
R  INDICATES RECORD WAS SET OR TIED.
MM INDICATES DATA IS MISSING.
T  INDICATES TRACE AMOUNT.




$$
