000
CXUS53 KICT 011044
CLMICT


CLIMATE REPORT
NATIONAL WEATHER SERVICE WICHITA KS
543 AM CDT WED APR 1 2015

...................................

...THE WICHITA EISENHOWER NATIONAL CLIMATE SUMMARY FOR THE MONTH OF MARCH 2015...

CLIMATE NORMAL PERIOD 1981 TO 2010
CLIMATE RECORD PERIOD 1888 TO 2015

WEATHER         OBSERVED          NORMAL  DEPART  LAST YEAR`S
                 VALUE   DATE(S)  VALUE   FROM    VALUE  DATE(S)
                                          NORMAL
................................................................
TEMPERATURE (F)
RECORD
 HIGH              92   03/21/1916
                        03/22/1907
 LOW               -3   03/11/1948
                        03/07/1943
HIGHEST            84   03/31                         79  03/10
LOWEST             10   03/05                          0  03/03
AVG. MAXIMUM     63.9              57.9     6.0     56.7
AVG. MINIMUM     35.0              35.0     0.0     29.1
MEAN             49.5              46.5     3.0     42.9
DAYS MAX >= 90      0               0.0     0.0        0
DAYS MAX <= 32      2               0.7     1.3        2
DAYS MIN <= 32     10              11.3    -1.3       18
DAYS MIN <= 0       0               0.0     0.0        1

PRECIPITATION (INCHES)
RECORD
 MAXIMUM         9.17   1973
 MINIMUM         0.00   1936
                        1910
TOTALS           0.28              2.69   -2.41     0.49
DAILY AVG.       0.01              0.09   -0.08     0.02
DAYS >= .01         5               8.2    -3.2        4
DAYS >= .10         0               4.6    -4.6        2
DAYS >= .50         0               1.7    -1.7        0
DAYS >= 1.00        0               0.8    -0.8        0
GREATEST
 24 HR. TOTAL    0.08   03/04 TO 03/04

SNOWFALL (INCHES)
RECORDS
 TOTAL           16.8   1912
TOTALS            1.1               2.3    -1.2      3.2
SINCE 7/1        18.0              14.7     3.3     22.7
SNOWDEPTH AVG.      0                MM      MM        0
DAYS >= 1.0         1               0.6     0.4        1
GREATEST
 SNOW DEPTH         4   03/01                          3  03/03
 24 HR TOTAL      1.0   03/04 TO 03/04               3.2

DEGREE_DAYS
HEATING TOTAL     474               577    -103      677
 SINCE 7/1       4039              4217    -178     4596
COOLING TOTAL       0                 2      -2        0
 SINCE 1/1          0                 2      -2        0
.................................................................

WIND (MPH)
AVERAGE WIND SPEED              9.6
HIGHEST WIND SPEED/DIRECTION    45/050    DATE  03/25
HIGHEST GUST SPEED/DIRECTION    50/040    DATE  03/25

SKY COVER
POSSIBLE SUNSHINE (PERCENT)   MM
AVERAGE SKY COVER           0.50
NUMBER OF DAYS FAIR            9
NUMBER OF DAYS PC             15
NUMBER OF DAYS CLOUDY          7

AVERAGE RH (PERCENT)     58

WEATHER CONDITIONS. NUMBER OF DAYS WITH
THUNDERSTORM              0     MIXED PRECIP               0
HEAVY RAIN                0     RAIN                       1
LIGHT RAIN                5     FREEZING RAIN              0
LT FREEZING RAIN          1     HAIL                       1
HEAVY SNOW                0     SNOW                       2
LIGHT SNOW                2     SLEET                      2
FOG                      12     FOG W/VIS <= 1/4 MILE      3
HAZE                      6

-  INDICATES NEGATIVE NUMBERS.
R  INDICATES RECORD WAS SET OR TIED.
MM INDICATES DATA IS MISSING.
T  INDICATES TRACE AMOUNT.

$$
