000
CDUS43 KICT 220650
CLISLN


CLIMATE REPORT
NATIONAL WEATHER SERVICE WICHITA KS
149 AM CDT WED APR 22 2015


...................................

...THE SALINA KS CLIMATE SUMMARY FOR APRIL 21 2015...

CLIMATE NORMAL PERIOD 1981 TO 2010
CLIMATE RECORD PERIOD 1894 TO 2015


WEATHER ITEM   OBSERVED TIME   RECORD YEAR NORMAL DEPARTURE LAST
                VALUE   (LST)  VALUE       VALUE  FROM      YEAR
                                                  NORMAL
..................................................................
TEMPERATURE (F)
 YESTERDAY
  MAXIMUM         75    538 PM  94    1989  69      6       82
  MINIMUM         39    446 AM  21    1966  45     -6       49
  AVERAGE         57                        57      0       66

PRECIPITATION (IN)
  YESTERDAY        0.00          1.01 1973   0.10  -0.10      T
  MONTH TO DATE    1.55                      2.03  -0.48     0.22
  SINCE MAR 1      1.60                      4.42  -2.82     0.52
  SINCE JAN 1      3.04                      6.22  -3.18     2.33

DEGREE DAYS
 HEATING
  YESTERDAY        8                         9     -1        0
  MONTH TO DATE  152                       250    -98      247
  SINCE MAR 1    667                       859   -192      982
  SINCE JUL 1   4496                      4700   -204     5232

 COOLING
  YESTERDAY        0                         1     -1        1
  MONTH TO DATE   11                        13     -2       17
  SINCE MAR 1     12                        15     -3       17
  SINCE JAN 1     12                        15     -3       17
..................................................................


WIND (MPH)
  HIGHEST WIND SPEED    29   HIGHEST WIND DIRECTION    NE (30)
  HIGHEST GUST SPEED    38   HIGHEST GUST DIRECTION    NE (30)
  AVERAGE WIND SPEED     6.6


SKY COVER
  POSSIBLE SUNSHINE  MM
  AVERAGE SKY COVER 0.2


WEATHER CONDITIONS
 THE FOLLOWING WEATHER WAS RECORDED YESTERDAY.
  NO SIGNIFICANT WEATHER WAS OBSERVED.


RELATIVE HUMIDITY (PERCENT)
 HIGHEST    79           500 AM
 LOWEST     19           500 PM
 AVERAGE    49

..........................................................


THE SALINA KS CLIMATE NORMALS FOR TODAY
                         NORMAL    RECORD    YEAR
 MAXIMUM TEMPERATURE (F)   69        95      1989
 MINIMUM TEMPERATURE (F)   45        28      1959


SUNRISE AND SUNSET
APRIL 22 2015.........SUNRISE   645 AM CDT   SUNSET   814 PM CDT
APRIL 23 2015.........SUNRISE   643 AM CDT   SUNSET   815 PM CDT


-  INDICATES NEGATIVE NUMBERS.
R  INDICATES RECORD WAS SET OR TIED.
MM INDICATES DATA IS MISSING.
T  INDICATES TRACE AMOUNT.




$$

JMBW
