000
CDUS43 KICT 100619
CLISLN


CLIMATE REPORT
NATIONAL WEATHER SERVICE WICHITA KS
119 AM CDT FRI APR 10 2015


...................................

...THE SALINA KS CLIMATE SUMMARY FOR APRIL 9 2015...

CLIMATE NORMAL PERIOD 1981 TO 2010
CLIMATE RECORD PERIOD 1894 TO 2015


WEATHER ITEM   OBSERVED TIME   RECORD YEAR NORMAL DEPARTURE LAST
                VALUE   (LST)  VALUE       VALUE  FROM      YEAR
                                                  NORMAL
..................................................................
TEMPERATURE (F)
 YESTERDAY
  MAXIMUM         67    238 AM  95    1930  65      2       89
  MINIMUM         40    907 PM  21    1916  41     -1       32
  AVERAGE         54                        53      1       61

PRECIPITATION (IN)
  YESTERDAY        0.00          0.99 1978   0.09  -0.09     0.00
  MONTH TO DATE    0.23                      0.82  -0.59     0.21
  SINCE MAR 1      0.28                      3.21  -2.93     0.51
  SINCE JAN 1      1.72                      5.01  -3.29     2.32

DEGREE DAYS
 HEATING
  YESTERDAY       11                        13     -2        4
  MONTH TO DATE   73                       123    -50      145
  SINCE MAR 1    588                       732   -144      880
  SINCE JUL 1   4417                      4573   -156     5130

 COOLING
  YESTERDAY        0                         1     -1        0
  MONTH TO DATE    9                         1      8        0
  SINCE MAR 1     10                         3      7        0
  SINCE JAN 1     10                         3      7        0
..................................................................


WIND (MPH)
  HIGHEST WIND SPEED    35   HIGHEST WIND DIRECTION    NW (300)
  HIGHEST GUST SPEED    44   HIGHEST GUST DIRECTION     W (290)
  AVERAGE WIND SPEED    19.5


SKY COVER
  POSSIBLE SUNSHINE  MM
  AVERAGE SKY COVER 0.7


WEATHER CONDITIONS
 THE FOLLOWING WEATHER WAS RECORDED YESTERDAY.
  FOG


RELATIVE HUMIDITY (PERCENT)
 HIGHEST    93          1200 AM
 LOWEST     46           300 PM
 AVERAGE    70

..........................................................


THE SALINA KS CLIMATE NORMALS FOR TODAY
                         NORMAL    RECORD    YEAR
 MAXIMUM TEMPERATURE (F)   65        92      1930
 MINIMUM TEMPERATURE (F)   41        24      1989


SUNRISE AND SUNSET
APRIL 10 2015.........SUNRISE   702 AM CDT   SUNSET   803 PM CDT
APRIL 11 2015.........SUNRISE   700 AM CDT   SUNSET   804 PM CDT


-  INDICATES NEGATIVE NUMBERS.
R  INDICATES RECORD WAS SET OR TIED.
MM INDICATES DATA IS MISSING.
T  INDICATES TRACE AMOUNT.




$$
