000
CDUS43 KICT 260637
CLISLN

CLIMATE REPORT
NATIONAL WEATHER SERVICE WICHITA KS
133 AM CDT SUN APR 26 2015

...................................

...THE SALINA KS CLIMATE SUMMARY FOR APRIL 25 2015...

CLIMATE NORMAL PERIOD 1981 TO 2010
CLIMATE RECORD PERIOD 1894 TO 2015


WEATHER ITEM   OBSERVED TIME   RECORD YEAR NORMAL DEPARTURE LAST
                VALUE   (LST)  VALUE       VALUE  FROM      YEAR
                                                  NORMAL
..................................................................
TEMPERATURE (F)
 YESTERDAY
  MAXIMUM         72    246 PM  94    1989  70      2       82
  MINIMUM         51   1159 PM  31    2013  47      4       39
                                      1910
  AVERAGE         62                        58      4       61

PRECIPITATION (IN)
  YESTERDAY        0.02          0.68 1999   0.12  -0.10     0.00
  MONTH TO DATE    1.83                      2.48  -0.65     0.93
  SINCE MAR 1      1.88                      4.87  -2.99     1.23
  SINCE JAN 1      3.32                      6.67  -3.35     3.04

DEGREE DAYS
 HEATING
  YESTERDAY        3                         8     -5        4
  MONTH TO DATE  178                       283   -105      264
  SINCE MAR 1    693                       892   -199      999
  SINCE JUL 1   4522                      4733   -211     5249

 COOLING
  YESTERDAY        0                         1     -1        0
  MONTH TO DATE   11                        17     -6       24
  SINCE MAR 1     12                        19     -7       24
  SINCE JAN 1     12                        19     -7       24
..................................................................


WIND (MPH)
  HIGHEST WIND SPEED    24   HIGHEST WIND DIRECTION    NW (330)
  HIGHEST GUST SPEED    28   HIGHEST GUST DIRECTION    NW (330)
  AVERAGE WIND SPEED    13.4


SKY COVER
  POSSIBLE SUNSHINE  MM
  AVERAGE SKY COVER 0.6


WEATHER CONDITIONS
 THE FOLLOWING WEATHER WAS RECORDED YESTERDAY.
  LIGHT RAIN
  FOG
  HAZE


RELATIVE HUMIDITY (PERCENT)
 HIGHEST    93           300 AM
 LOWEST     57           200 PM
 AVERAGE    75

..........................................................


THE SALINA KS CLIMATE NORMALS FOR TODAY
                         NORMAL    RECORD    YEAR
 MAXIMUM TEMPERATURE (F)   70        99      1989
 MINIMUM TEMPERATURE (F)   47        20      1907


SUNRISE AND SUNSET
APRIL 26 2015.........SUNRISE   639 AM CDT   SUNSET   818 PM CDT
APRIL 27 2015.........SUNRISE   638 AM CDT   SUNSET   819 PM CDT


-  INDICATES NEGATIVE NUMBERS.
R  INDICATES RECORD WAS SET OR TIED.
MM INDICATES DATA IS MISSING.
T  INDICATES TRACE AMOUNT.

$$
