000
CDUS43 KICT 210626
CLISLN


CLIMATE REPORT
NATIONAL WEATHER SERVICE WICHITA KS
126 AM CDT TUE APR 21 2015


...................................

...THE SALINA KS CLIMATE SUMMARY FOR APRIL 20 2015...

CLIMATE NORMAL PERIOD 1981 TO 2010
CLIMATE RECORD PERIOD 1894 TO 2015


WEATHER ITEM   OBSERVED TIME   RECORD YEAR NORMAL DEPARTURE LAST
                VALUE   (LST)  VALUE       VALUE  FROM      YEAR
                                                  NORMAL
..................................................................
TEMPERATURE (F)
 YESTERDAY
  MAXIMUM         64    425 PM  98    1902  69     -5       74
  MINIMUM         39    554 AM  21    1953  45     -6       60
  AVERAGE         52                        57     -5       67

PRECIPITATION (IN)
  YESTERDAY        0.00          3.25 1976   0.10  -0.10      T
  MONTH TO DATE    1.55                      1.93  -0.38     0.22
  SINCE MAR 1      1.60                      4.32  -2.72     0.52
  SINCE JAN 1      3.04                      6.12  -3.08     2.33

DEGREE DAYS
 HEATING
  YESTERDAY       13                         9      4        0
  MONTH TO DATE  144                       241    -97      247
  SINCE MAR 1    659                       850   -191      982
  SINCE JUL 1   4488                      4691   -203     5232

 COOLING
  YESTERDAY        0                         1     -1        2
  MONTH TO DATE   11                        12     -1       16
  SINCE MAR 1     12                        14     -2       16
  SINCE JAN 1     12                        14     -2       16
..................................................................


WIND (MPH)
  HIGHEST WIND SPEED    28   HIGHEST WIND DIRECTION    NW (320)
  HIGHEST GUST SPEED    38   HIGHEST GUST DIRECTION    NW (330)
  AVERAGE WIND SPEED    13.9


SKY COVER
  POSSIBLE SUNSHINE  MM
  AVERAGE SKY COVER 0.2


WEATHER CONDITIONS
 THE FOLLOWING WEATHER WAS RECORDED YESTERDAY.
  NO SIGNIFICANT WEATHER WAS OBSERVED.


RELATIVE HUMIDITY (PERCENT)
 HIGHEST    73           100 AM
 LOWEST     25           300 PM
 AVERAGE    49

..........................................................


THE SALINA KS CLIMATE NORMALS FOR TODAY
                         NORMAL    RECORD    YEAR
 MAXIMUM TEMPERATURE (F)   69        94      1989
 MINIMUM TEMPERATURE (F)   45        21      1966


SUNRISE AND SUNSET
APRIL 21 2015.........SUNRISE   646 AM CDT   SUNSET   813 PM CDT
APRIL 22 2015.........SUNRISE   645 AM CDT   SUNSET   814 PM CDT


-  INDICATES NEGATIVE NUMBERS.
R  INDICATES RECORD WAS SET OR TIED.
MM INDICATES DATA IS MISSING.
T  INDICATES TRACE AMOUNT.




$$

JMBW
