000
CDUS43 KICT 250710
CLISLN

CLIMATE REPORT
NATIONAL WEATHER SERVICE WICHITA KS
208 AM CDT SAT APR 25 2015

...................................

...THE SALINA KS CLIMATE SUMMARY FOR APRIL 24 2015...

CLIMATE NORMAL PERIOD 1981 TO 2010
CLIMATE RECORD PERIOD 1894 TO 2015


WEATHER ITEM   OBSERVED TIME   RECORD YEAR NORMAL DEPARTURE LAST
                VALUE   (LST)  VALUE       VALUE  FROM      YEAR
                                                  NORMAL
..................................................................
TEMPERATURE (F)
 YESTERDAY
  MAXIMUM         75    608 PM  96    1989  70      5       71
  MINIMUM         54    327 AM  23    2013  46      8       44
  AVERAGE         65                        58      7       58

PRECIPITATION (IN)
  YESTERDAY        0.26          1.17 2007   0.11   0.15     0.71
  MONTH TO DATE    1.81                      2.36  -0.55     0.93
  SINCE MAR 1      1.86                      4.75  -2.89     1.23
  SINCE JAN 1      3.30                      6.55  -3.25     3.04

DEGREE DAYS
 HEATING
  YESTERDAY        0                         8     -8        7
  MONTH TO DATE  175                       275   -100      260
  SINCE MAR 1    690                       884   -194      995
  SINCE JUL 1   4519                      4725   -206     5245

 COOLING
  YESTERDAY        0                         1     -1        0
  MONTH TO DATE   11                        16     -5       24
  SINCE MAR 1     12                        18     -6       24
  SINCE JAN 1     12                        18     -6       24
..................................................................


WIND (MPH)
  HIGHEST WIND SPEED    32   HIGHEST WIND DIRECTION    NW (320)
  HIGHEST GUST SPEED    37   HIGHEST GUST DIRECTION    NW (320)
  AVERAGE WIND SPEED    14.1


SKY COVER
  POSSIBLE SUNSHINE  MM
  AVERAGE SKY COVER 0.6


WEATHER CONDITIONS
 THE FOLLOWING WEATHER WAS RECORDED YESTERDAY.
  THUNDERSTORM
  HEAVY RAIN
  RAIN
  LIGHT RAIN
  FOG
  HAZE


RELATIVE HUMIDITY (PERCENT)
 HIGHEST    93           600 AM
 LOWEST     60           600 PM
 AVERAGE    77

..........................................................


THE SALINA KS CLIMATE NORMALS FOR TODAY
                         NORMAL    RECORD    YEAR
 MAXIMUM TEMPERATURE (F)   70        94      1989
 MINIMUM TEMPERATURE (F)   47        31      2013
                                             1910


SUNRISE AND SUNSET
APRIL 25 2015.........SUNRISE   641 AM CDT   SUNSET   817 PM CDT
APRIL 26 2015.........SUNRISE   639 AM CDT   SUNSET   818 PM CDT


-  INDICATES NEGATIVE NUMBERS.
R  INDICATES RECORD WAS SET OR TIED.
MM INDICATES DATA IS MISSING.
T  INDICATES TRACE AMOUNT.

$$
