000
CDUS43 KICT 160643
CLISLN

CLIMATE REPORT
NATIONAL WEATHER SERVICE WICHITA KS
143 AM CDT THU APR 16 2015


...................................

...THE SALINA KS CLIMATE SUMMARY FOR APRIL 15 2015...

CLIMATE NORMAL PERIOD 1981 TO 2010
CLIMATE RECORD PERIOD 1894 TO 2015


WEATHER ITEM   OBSERVED TIME   RECORD YEAR NORMAL DEPARTURE LAST
                VALUE   (LST)  VALUE       VALUE  FROM      YEAR
                                                  NORMAL
..................................................................
TEMPERATURE (F)
 YESTERDAY
  MAXIMUM         66    502 PM  94    2006  67     -1       66
  MINIMUM         53    620 AM  21    2014  43     10       21
  AVERAGE         60                        55      5       44

PRECIPITATION (IN)
  YESTERDAY        0.00          0.54 2000   0.10  -0.10     0.00
  MONTH TO DATE    0.41                      1.41  -1.00     0.22
  SINCE MAR 1      0.46                      3.80  -3.34     0.52
  SINCE JAN 1      1.90                      5.60  -3.70     2.33

DEGREE DAYS
 HEATING
  YESTERDAY        5                        11     -6       21
  MONTH TO DATE  118                       192    -74      210
  SINCE MAR 1    633                       801   -168      945
  SINCE JUL 1   4462                      4642   -180     5195

 COOLING
  YESTERDAY        0                         1     -1        0
  MONTH TO DATE   10                         7      3       11
  SINCE MAR 1     11                         9      2       11
  SINCE JAN 1     11                         9      2       11
..................................................................


WIND (MPH)
  HIGHEST WIND SPEED    22   HIGHEST WIND DIRECTION    SE (140)
  HIGHEST GUST SPEED    26   HIGHEST GUST DIRECTION    SE (130)
  AVERAGE WIND SPEED    12.7


SKY COVER
  POSSIBLE SUNSHINE  MM
  AVERAGE SKY COVER 0.9


WEATHER CONDITIONS
 THE FOLLOWING WEATHER WAS RECORDED YESTERDAY.
  NO SIGNIFICANT WEATHER WAS OBSERVED.


RELATIVE HUMIDITY (PERCENT)
 HIGHEST    80           900 PM
 LOWEST     47          1200 AM
 AVERAGE    64

..........................................................


THE SALINA KS CLIMATE NORMALS FOR TODAY
                         NORMAL    RECORD    YEAR
 MAXIMUM TEMPERATURE (F)   67        90      1937
 MINIMUM TEMPERATURE (F)   43        20      1953


SUNRISE AND SUNSET
APRIL 16 2015.........SUNRISE   653 AM CDT   SUNSET   808 PM CDT
APRIL 17 2015.........SUNRISE   652 AM CDT   SUNSET   809 PM CDT


-  INDICATES NEGATIVE NUMBERS.
R  INDICATES RECORD WAS SET OR TIED.
MM INDICATES DATA IS MISSING.
T  INDICATES TRACE AMOUNT.




$$
