000
CDUS43 KICT 310633
CLISLN


CLIMATE REPORT
NATIONAL WEATHER SERVICE WICHITA KS
133 AM CDT TUE MAR 31 2015


...................................

...THE SALINA KS CLIMATE SUMMARY FOR MARCH 30 2015...

CLIMATE NORMAL PERIOD 1981 TO 2010
CLIMATE RECORD PERIOD 1894 TO 2015


WEATHER ITEM   OBSERVED TIME   RECORD YEAR NORMAL DEPARTURE LAST
                VALUE   (LST)  VALUE       VALUE  FROM      YEAR
                                                  NORMAL
..................................................................
TEMPERATURE (F)
 YESTERDAY
  MAXIMUM         80    318 PM  91    1917  62     18       77
  MINIMUM         29    607 AM  14    1899  38     -9       49
  AVERAGE         55                        50      5       63

PRECIPITATION (IN)
  YESTERDAY        0.00          1.20 1973   0.10  -0.10     0.00
  MONTH TO DATE    0.05                      2.30  -2.25     0.30
  SINCE MAR 1      0.05                      2.30  -2.25     0.30
  SINCE JAN 1      1.49                      4.10  -2.61     2.11

DEGREE DAYS
 HEATING
  YESTERDAY       10                        15     -5        2
  MONTH TO DATE  511                       593    -82      724
  SINCE MAR 1    511                       593    -82      724
  SINCE JUL 1   4340                      4434    -94     4974

 COOLING
  YESTERDAY        0                         0      0        0
  MONTH TO DATE    1                         0      1        0
  SINCE MAR 1      1                         0      1        0
  SINCE JAN 1      1                         0      1        0
..................................................................


WIND (MPH)
  HIGHEST WIND SPEED    24   HIGHEST WIND DIRECTION     S (200)
  HIGHEST GUST SPEED    31   HIGHEST GUST DIRECTION     S (200)
  AVERAGE WIND SPEED    10.3


SKY COVER
  POSSIBLE SUNSHINE  MM
  AVERAGE SKY COVER 0.0


WEATHER CONDITIONS
 THE FOLLOWING WEATHER WAS RECORDED YESTERDAY.
  NO SIGNIFICANT WEATHER WAS OBSERVED.


RELATIVE HUMIDITY (PERCENT)
 HIGHEST    78           600 AM
 LOWEST     21           300 PM
 AVERAGE    50

..........................................................


THE SALINA KS CLIMATE NORMALS FOR TODAY
                         NORMAL    RECORD    YEAR
 MAXIMUM TEMPERATURE (F)   62        89      1978
 MINIMUM TEMPERATURE (F)   38        16      1926


SUNRISE AND SUNSET
MARCH 31 2015.........SUNRISE   717 AM CDT   SUNSET   753 PM CDT
APRIL  1 2015.........SUNRISE   716 AM CDT   SUNSET   754 PM CDT


-  INDICATES NEGATIVE NUMBERS.
R  INDICATES RECORD WAS SET OR TIED.
MM INDICATES DATA IS MISSING.
T  INDICATES TRACE AMOUNT.




$$
