000
CDUS43 KICT 130639
CLISLN

CLIMATE REPORT
NATIONAL WEATHER SERVICE WICHITA KS
138 AM CDT MON APR 13 2015


...................................

...THE SALINA KS CLIMATE SUMMARY FOR APRIL 12 2015...

CLIMATE NORMAL PERIOD 1981 TO 2010
CLIMATE RECORD PERIOD 1894 TO 2015


WEATHER ITEM   OBSERVED TIME   RECORD YEAR NORMAL DEPARTURE LAST
                VALUE   (LST)  VALUE       VALUE  FROM      YEAR
                                                  NORMAL
..................................................................
TEMPERATURE (F)
 YESTERDAY
  MAXIMUM         77    527 PM  91    2014  66     11       91
                                      1996
  MINIMUM         54    119 AM  19    1997  42     12       60
  AVERAGE         66                        54     12       76

PRECIPITATION (IN)
  YESTERDAY        0.18          1.43 1985   0.10   0.08      T
  MONTH TO DATE    0.41                      1.11  -0.70     0.21
  SINCE MAR 1      0.46                      3.50  -3.04     0.51
  SINCE JAN 1      1.90                      5.30  -3.40     2.32

DEGREE DAYS
 HEATING
  YESTERDAY        0                        12    -12        0
  MONTH TO DATE   97                       159    -62      152
  SINCE MAR 1    612                       768   -156      887
  SINCE JUL 1   4441                      4609   -168     5137

 COOLING
  YESTERDAY        1                         1      0       11
  MONTH TO DATE   10                         4      6       11
  SINCE MAR 1     11                         6      5       11
  SINCE JAN 1     11                         6      5       11
..................................................................


WIND (MPH)
  HIGHEST WIND SPEED    33   HIGHEST WIND DIRECTION    NW (330)
  HIGHEST GUST SPEED    40   HIGHEST GUST DIRECTION     N (350)
  AVERAGE WIND SPEED    15.7


SKY COVER
  POSSIBLE SUNSHINE  MM
  AVERAGE SKY COVER 0.2


WEATHER CONDITIONS
 THE FOLLOWING WEATHER WAS RECORDED YESTERDAY.
  THUNDERSTORM
  RAIN
  LIGHT RAIN


RELATIVE HUMIDITY (PERCENT)
 HIGHEST    83           700 AM
 LOWEST     56           900 PM
 AVERAGE    70

..........................................................


THE SALINA KS CLIMATE NORMALS FOR TODAY
                         NORMAL    RECORD    YEAR
 MAXIMUM TEMPERATURE (F)   66        93      2006
 MINIMUM TEMPERATURE (F)   42        18      1907


SUNRISE AND SUNSET
APRIL 13 2015.........SUNRISE   657 AM CDT   SUNSET   805 PM CDT
APRIL 14 2015.........SUNRISE   656 AM CDT   SUNSET   806 PM CDT


-  INDICATES NEGATIVE NUMBERS.
R  INDICATES RECORD WAS SET OR TIED.
MM INDICATES DATA IS MISSING.
T  INDICATES TRACE AMOUNT.




$$
