000
CDUS43 KICT 140634
CLISLN

CLIMATE REPORT
NATIONAL WEATHER SERVICE WICHITA KS
133 AM CDT TUE APR 14 2015


...................................

...THE SALINA KS CLIMATE SUMMARY FOR APRIL 13 2015...

CLIMATE NORMAL PERIOD 1981 TO 2010
CLIMATE RECORD PERIOD 1894 TO 2015


WEATHER ITEM   OBSERVED TIME   RECORD YEAR NORMAL DEPARTURE LAST
                VALUE   (LST)  VALUE       VALUE  FROM      YEAR
                                                  NORMAL
..................................................................
TEMPERATURE (F)
 YESTERDAY
  MAXIMUM         68    428 PM  93    2006  66      2       69
  MINIMUM         46   1150 PM  18    1907  42      4       34
  AVERAGE         57                        54      3       52

PRECIPITATION (IN)
  YESTERDAY        0.00          1.43 1955   0.10  -0.10     0.01
  MONTH TO DATE    0.41                      1.21  -0.80     0.22
  SINCE MAR 1      0.46                      3.60  -3.14     0.52
  SINCE JAN 1      1.90                      5.40  -3.50     2.33

DEGREE DAYS
 HEATING
  YESTERDAY        8                        11     -3       13
  MONTH TO DATE  105                       170    -65      165
  SINCE MAR 1    620                       779   -159      900
  SINCE JUL 1   4449                      4620   -171     5150

 COOLING
  YESTERDAY        0                         1     -1        0
  MONTH TO DATE   10                         5      5       11
  SINCE MAR 1     11                         7      4       11
  SINCE JAN 1     11                         7      4       11
..................................................................


WIND (MPH)
  HIGHEST WIND SPEED    21   HIGHEST WIND DIRECTION    NE (30)
  HIGHEST GUST SPEED    25   HIGHEST GUST DIRECTION     N (10)
  AVERAGE WIND SPEED     9.7


SKY COVER
  POSSIBLE SUNSHINE  MM
  AVERAGE SKY COVER 0.0


WEATHER CONDITIONS
 THE FOLLOWING WEATHER WAS RECORDED YESTERDAY.
  NO SIGNIFICANT WEATHER WAS OBSERVED.


RELATIVE HUMIDITY (PERCENT)
 HIGHEST    77           100 AM
 LOWEST     20           200 PM
 AVERAGE    49

..........................................................


THE SALINA KS CLIMATE NORMALS FOR TODAY
                         NORMAL    RECORD    YEAR
 MAXIMUM TEMPERATURE (F)   67        93      2002
 MINIMUM TEMPERATURE (F)   43        22      1928


SUNRISE AND SUNSET
APRIL 14 2015.........SUNRISE   656 AM CDT   SUNSET   806 PM CDT
APRIL 15 2015.........SUNRISE   655 AM CDT   SUNSET   807 PM CDT


-  INDICATES NEGATIVE NUMBERS.
R  INDICATES RECORD WAS SET OR TIED.
MM INDICATES DATA IS MISSING.
T  INDICATES TRACE AMOUNT.




$$
