000
CDUS43 KICT 080620
CLISLN

CLIMATE REPORT
NATIONAL WEATHER SERVICE WICHITA KS
119 AM CDT SUN MAR 8 2015


...................................

...THE SALINA KS CLIMATE SUMMARY FOR MARCH 7 2015...

CLIMATE NORMAL PERIOD 1981 TO 2010
CLIMATE RECORD PERIOD 1894 TO 2015


WEATHER ITEM   OBSERVED TIME   RECORD YEAR NORMAL DEPARTURE LAST
                VALUE   (LST)  VALUE       VALUE  FROM      YEAR
                                                  NORMAL
..................................................................
TEMPERATURE (F)
 YESTERDAY
  MAXIMUM         74    349 PM  77    1898  54     20       56
  MINIMUM         30    733 AM  -4    1920  31     -1       31
  AVERAGE         52                        42     10       44

PRECIPITATION (IN)
  YESTERDAY        0.00          0.43 1969   0.07  -0.07      T
  MONTH TO DATE    0.00                      0.43  -0.43     0.13
  SINCE MAR 1      0.00                      0.43  -0.43     0.13
  SINCE JAN 1      1.44                      2.23  -0.79     1.94

DEGREE DAYS
 HEATING
  YESTERDAY       13                        23    -10       21
  MONTH TO DATE  206                       166     40      285
  SINCE MAR 1    206                       166     40      285
  SINCE JUL 1   4035                      4007     28     4535

 COOLING
  YESTERDAY        0                         0      0        0
  MONTH TO DATE    0                         0      0        0
  SINCE MAR 1      0                         0      0        0
  SINCE JAN 1      0                         0      0        0
..................................................................


WIND (MPH)
  HIGHEST WIND SPEED    14   HIGHEST WIND DIRECTION    NW (320)
  HIGHEST GUST SPEED    17   HIGHEST GUST DIRECTION    NW (320)
  AVERAGE WIND SPEED     5.9


SKY COVER
  POSSIBLE SUNSHINE  MM
  AVERAGE SKY COVER 0.0


WEATHER CONDITIONS
 THE FOLLOWING WEATHER WAS RECORDED YESTERDAY.
  NO SIGNIFICANT WEATHER WAS OBSERVED.


RELATIVE HUMIDITY (PERCENT)
 HIGHEST    70           100 AM
 LOWEST     13           500 PM
 AVERAGE    42

..........................................................


THE SALINA KS CLIMATE NORMALS FOR TODAY
                         NORMAL    RECORD    YEAR
 MAXIMUM TEMPERATURE (F)   54        78      1970
 MINIMUM TEMPERATURE (F)   32        -1      1967


SUNRISE AND SUNSET
MARCH  8 2015.........SUNRISE   753 AM CDT   SUNSET   730 PM CDT
MARCH  9 2015.........SUNRISE   751 AM CDT   SUNSET   731 PM CDT


-  INDICATES NEGATIVE NUMBERS.
R  INDICATES RECORD WAS SET OR TIED.
MM INDICATES DATA IS MISSING.
T  INDICATES TRACE AMOUNT.




$$
