000
CDUS43 KICT 290629
CLISLN


CLIMATE REPORT
NATIONAL WEATHER SERVICE WICHITA KS
128 AM CDT SUN MAR 29 2015


...................................

...THE SALINA KS CLIMATE SUMMARY FOR MARCH 28 2015...

CLIMATE NORMAL PERIOD 1981 TO 2010
CLIMATE RECORD PERIOD 1894 TO 2015


WEATHER ITEM   OBSERVED TIME   RECORD YEAR NORMAL DEPARTURE LAST
                VALUE   (LST)  VALUE       VALUE  FROM      YEAR
                                                  NORMAL
..................................................................
TEMPERATURE (F)
 YESTERDAY
  MAXIMUM         69    423 PM  94    1895  61      8       55
  MINIMUM         37    455 AM  10    1899  37      0       28
  AVERAGE         53                        49      4       42

PRECIPITATION (IN)
  YESTERDAY        0.00          1.74 1977   0.09  -0.09      T
  MONTH TO DATE    0.05                      2.11  -2.06     0.30
  SINCE MAR 1      0.05                      2.11  -2.06     0.30
  SINCE JAN 1      1.49                      3.91  -2.42     2.11

DEGREE DAYS
 HEATING
  YESTERDAY       12                        16     -4       23
  MONTH TO DATE  492                       562    -70      702
  SINCE MAR 1    492                       562    -70      702
  SINCE JUL 1   4321                      4403    -82     4952

 COOLING
  YESTERDAY        0                         0      0        0
  MONTH TO DATE    1                         0      1        0
  SINCE MAR 1      1                         0      1        0
  SINCE JAN 1      1                         0      1        0
..................................................................


WIND (MPH)
  HIGHEST WIND SPEED    22   HIGHEST WIND DIRECTION    SE (150)
  HIGHEST GUST SPEED    28   HIGHEST GUST DIRECTION    SE (150)
  AVERAGE WIND SPEED     9.9


SKY COVER
  POSSIBLE SUNSHINE  MM
  AVERAGE SKY COVER 0.1


WEATHER CONDITIONS
 THE FOLLOWING WEATHER WAS RECORDED YESTERDAY.
  HAZE


RELATIVE HUMIDITY (PERCENT)
 HIGHEST    70           500 AM
 LOWEST     32           400 PM
 AVERAGE    51

..........................................................


THE SALINA KS CLIMATE NORMALS FOR TODAY
                         NORMAL    RECORD    YEAR
 MAXIMUM TEMPERATURE (F)   62        89      1967
 MINIMUM TEMPERATURE (F)   38        18      2009
                                             1969


SUNRISE AND SUNSET
MARCH 29 2015.........SUNRISE   720 AM CDT   SUNSET   751 PM CDT
MARCH 30 2015.........SUNRISE   719 AM CDT   SUNSET   752 PM CDT


-  INDICATES NEGATIVE NUMBERS.
R  INDICATES RECORD WAS SET OR TIED.
MM INDICATES DATA IS MISSING.
T  INDICATES TRACE AMOUNT.




$$
