000
CDUS43 KICT 270709
CLISLN


CLIMATE REPORT
NATIONAL WEATHER SERVICE WICHITA KS
209 AM CDT MON APR 27 2015


...................................

...THE SALINA KS CLIMATE SUMMARY FOR APRIL 26 2015...

CLIMATE NORMAL PERIOD 1981 TO 2010
CLIMATE RECORD PERIOD 1894 TO 2015


WEATHER ITEM   OBSERVED TIME   RECORD YEAR NORMAL DEPARTURE LAST
                VALUE   (LST)  VALUE       VALUE  FROM      YEAR
                                                  NORMAL
..................................................................
TEMPERATURE (F)
 YESTERDAY
  MAXIMUM         56    707 PM  99    1989  70    -14       87
  MINIMUM         46   1159 PM  20    1907  47     -1       60
  AVERAGE         51                        59     -8       74

PRECIPITATION (IN)
  YESTERDAY        0.00          2.89 1985   0.11  -0.11      T
  MONTH TO DATE    1.83                      2.59  -0.76     0.93
  SINCE MAR 1      1.88                      4.98  -3.10     1.23
  SINCE JAN 1      3.32                      6.78  -3.46     3.04

DEGREE DAYS
 HEATING
  YESTERDAY       14                         8      6        0
  MONTH TO DATE  192                       291    -99      264
  SINCE MAR 1    707                       900   -193      999
  SINCE JUL 1   4536                      4741   -205     5249

 COOLING
  YESTERDAY        0                         1     -1        9
  MONTH TO DATE   11                        18     -7       33
  SINCE MAR 1     12                        20     -8       33
  SINCE JAN 1     12                        20     -8       33
..................................................................


WIND (MPH)
  HIGHEST WIND SPEED    18   HIGHEST WIND DIRECTION    NE (60)
  HIGHEST GUST SPEED    25   HIGHEST GUST DIRECTION    NE (40)
  AVERAGE WIND SPEED     9.8


SKY COVER
  POSSIBLE SUNSHINE  MM
  AVERAGE SKY COVER 0.8


WEATHER CONDITIONS
 THE FOLLOWING WEATHER WAS RECORDED YESTERDAY.
  FOG
  HAZE


RELATIVE HUMIDITY (PERCENT)
 HIGHEST    86           400 AM
 LOWEST     61           500 PM
 AVERAGE    74

..........................................................


THE SALINA KS CLIMATE NORMALS FOR TODAY
                         NORMAL    RECORD    YEAR
 MAXIMUM TEMPERATURE (F)   71        94      1989
 MINIMUM TEMPERATURE (F)   47        29      1910


SUNRISE AND SUNSET
APRIL 27 2015.........SUNRISE   638 AM CDT   SUNSET   819 PM CDT
APRIL 28 2015.........SUNRISE   637 AM CDT   SUNSET   820 PM CDT


-  INDICATES NEGATIVE NUMBERS.
R  INDICATES RECORD WAS SET OR TIED.
MM INDICATES DATA IS MISSING.
T  INDICATES TRACE AMOUNT.




$$
