000
CDUS43 KICT 160703
CLISLN


CLIMATE REPORT
NATIONAL WEATHER SERVICE WICHITA KS
203 AM CDT MON MAR 16 2015


...................................

...THE SALINA KS CLIMATE SUMMARY FOR MARCH 15 2015...

CLIMATE NORMAL PERIOD 1981 TO 2010
CLIMATE RECORD PERIOD 1894 TO 2015


WEATHER ITEM   OBSERVED TIME   RECORD YEAR NORMAL DEPARTURE LAST
                VALUE   (LST)  VALUE       VALUE  FROM      YEAR
                                                  NORMAL
..................................................................
TEMPERATURE (F)
 YESTERDAY
  MAXIMUM         78    409 PM  87    2013  57     21       76
  MINIMUM         28    405 AM   6    1912  34     -6       33
  AVERAGE         53                        45      8       55

PRECIPITATION (IN)
  YESTERDAY        0.00          0.62 2001   0.08  -0.08      T
  MONTH TO DATE    0.00                      1.01  -1.01     0.18
  SINCE MAR 1      0.00                      1.01  -1.01     0.18
  SINCE JAN 1      1.44                      2.81  -1.37     1.99

DEGREE DAYS
 HEATING
  YESTERDAY       12                        20     -8       10
  MONTH TO DATE  297                       333    -36      414
  SINCE MAR 1    297                       333    -36      414
  SINCE JUL 1   4126                      4174    -48     4664

 COOLING
  YESTERDAY        0                         0      0        0
  MONTH TO DATE    0                         0      0        0
  SINCE MAR 1      0                         0      0        0
  SINCE JAN 1      0                         0      0        0
..................................................................


WIND (MPH)
  HIGHEST WIND SPEED    23   HIGHEST WIND DIRECTION     S (200)
  HIGHEST GUST SPEED    34   HIGHEST GUST DIRECTION    SW (210)
  AVERAGE WIND SPEED    12.0


SKY COVER
  POSSIBLE SUNSHINE  MM
  AVERAGE SKY COVER 0.0


WEATHER CONDITIONS
 THE FOLLOWING WEATHER WAS RECORDED YESTERDAY.
  NO SIGNIFICANT WEATHER WAS OBSERVED.


RELATIVE HUMIDITY (PERCENT)
 HIGHEST    72           700 AM
 LOWEST     15           300 PM
 AVERAGE    44

..........................................................


THE SALINA KS CLIMATE NORMALS FOR TODAY
                         NORMAL    RECORD    YEAR
 MAXIMUM TEMPERATURE (F)   57        84      1901
 MINIMUM TEMPERATURE (F)   34         9      1960


SUNRISE AND SUNSET
MARCH 16 2015.........SUNRISE   741 AM CDT   SUNSET   738 PM CDT
MARCH 17 2015.........SUNRISE   739 AM CDT   SUNSET   739 PM CDT


-  INDICATES NEGATIVE NUMBERS.
R  INDICATES RECORD WAS SET OR TIED.
MM INDICATES DATA IS MISSING.
T  INDICATES TRACE AMOUNT.




$$
