000
CDUS43 KICT 170657
CLISLN


CLIMATE REPORT
NATIONAL WEATHER SERVICE WICHITA KS
156 AM CDT FRI APR 17 2015


...................................

...THE SALINA KS CLIMATE SUMMARY FOR APRIL 16 2015...

CLIMATE NORMAL PERIOD 1981 TO 2010
CLIMATE RECORD PERIOD 1894 TO 2015


WEATHER ITEM   OBSERVED TIME   RECORD YEAR NORMAL DEPARTURE LAST
                VALUE   (LST)  VALUE       VALUE  FROM      YEAR
                                                  NORMAL
..................................................................
TEMPERATURE (F)
 YESTERDAY
  MAXIMUM         73    256 PM  90    1937  67      6       74
  MINIMUM         55    134 AM  20    1953  43     12       42
  AVERAGE         64                        55      9       58

PRECIPITATION (IN)
  YESTERDAY        0.41          0.87 1969   0.10   0.31     0.00
  MONTH TO DATE    0.82                      1.51  -0.69     0.22
  SINCE MAR 1      0.87                      3.90  -3.03     0.52
  SINCE JAN 1      2.31                      5.70  -3.39     2.33

DEGREE DAYS
 HEATING
  YESTERDAY        1                        10     -9        7
  MONTH TO DATE  119                       202    -83      217
  SINCE MAR 1    634                       811   -177      952
  SINCE JUL 1   4463                      4652   -189     5202

 COOLING
  YESTERDAY        0                         1     -1        0
  MONTH TO DATE   10                         8      2       11
  SINCE MAR 1     11                        10      1       11
  SINCE JAN 1     11                        10      1       11
..................................................................


WIND (MPH)
  HIGHEST WIND SPEED    23   HIGHEST WIND DIRECTION     W (260)
  HIGHEST GUST SPEED    28   HIGHEST GUST DIRECTION     W (270)
  AVERAGE WIND SPEED    10.0


SKY COVER
  POSSIBLE SUNSHINE  MM
  AVERAGE SKY COVER 0.3


WEATHER CONDITIONS
 THE FOLLOWING WEATHER WAS RECORDED YESTERDAY.
  THUNDERSTORM
  HEAVY RAIN
  RAIN
  LIGHT RAIN
  FOG


RELATIVE HUMIDITY (PERCENT)
 HIGHEST    93           200 AM
 LOWEST     46           300 PM
 AVERAGE    70

..........................................................


THE SALINA KS CLIMATE NORMALS FOR TODAY
                         NORMAL    RECORD    YEAR
 MAXIMUM TEMPERATURE (F)   68        92      1926
 MINIMUM TEMPERATURE (F)   44        17      1907


SUNRISE AND SUNSET
APRIL 17 2015.........SUNRISE   652 AM CDT   SUNSET   809 PM CDT
APRIL 18 2015.........SUNRISE   650 AM CDT   SUNSET   810 PM CDT


-  INDICATES NEGATIVE NUMBERS.
R  INDICATES RECORD WAS SET OR TIED.
MM INDICATES DATA IS MISSING.
T  INDICATES TRACE AMOUNT.




$$
