000
CDUS43 KICT 050624
CLISLN


CLIMATE REPORT
NATIONAL WEATHER SERVICE WICHITA KS
123 AM CDT SUN APR 5 2015


...................................

...THE SALINA KS CLIMATE SUMMARY FOR APRIL 4 2015...

CLIMATE NORMAL PERIOD 1981 TO 2010
CLIMATE RECORD PERIOD 1894 TO 2015


WEATHER ITEM   OBSERVED TIME   RECORD YEAR NORMAL DEPARTURE LAST
                VALUE   (LST)  VALUE       VALUE  FROM      YEAR
                                                  NORMAL
..................................................................
TEMPERATURE (F)
 YESTERDAY
  MAXIMUM         66    348 PM  91    1943  64      2       53
  MINIMUM         26    608 AM  19    1920  39    -13       34
  AVERAGE         46                        51     -5       44

PRECIPITATION (IN)
  YESTERDAY        0.00          1.33 2012   0.09  -0.09     0.00
  MONTH TO DATE    0.23                      0.36  -0.13     0.08
  SINCE MAR 1      0.28                      2.75  -2.47     0.38
  SINCE JAN 1      1.72                      4.55  -2.83     2.19

DEGREE DAYS
 HEATING
  YESTERDAY       19                        14      5       21
  MONTH TO DATE   43                        57    -14       87
  SINCE MAR 1    558                       666   -108      822
  SINCE JUL 1   4387                      4507   -120     5072

 COOLING
  YESTERDAY        0                         0      0        0
  MONTH TO DATE    5                         0      5        0
  SINCE MAR 1      6                         2      4        0
  SINCE JAN 1      6                         2      4        0
..................................................................


WIND (MPH)
  HIGHEST WIND SPEED    24   HIGHEST WIND DIRECTION     S (200)
  HIGHEST GUST SPEED    34   HIGHEST GUST DIRECTION     S (190)
  AVERAGE WIND SPEED    11.4


SKY COVER
  POSSIBLE SUNSHINE  MM
  AVERAGE SKY COVER 0.0


WEATHER CONDITIONS
 THE FOLLOWING WEATHER WAS RECORDED YESTERDAY.
  NO SIGNIFICANT WEATHER WAS OBSERVED.


RELATIVE HUMIDITY (PERCENT)
 HIGHEST    81           300 AM
 LOWEST     16           300 PM
 AVERAGE    49

..........................................................


THE SALINA KS CLIMATE NORMALS FOR TODAY
                         NORMAL    RECORD    YEAR
 MAXIMUM TEMPERATURE (F)   64        92      2000
 MINIMUM TEMPERATURE (F)   40         6      1920


SUNRISE AND SUNSET
APRIL  5 2015.........SUNRISE   710 AM CDT   SUNSET   758 PM CDT
APRIL  6 2015.........SUNRISE   708 AM CDT   SUNSET   759 PM CDT


-  INDICATES NEGATIVE NUMBERS.
R  INDICATES RECORD WAS SET OR TIED.
MM INDICATES DATA IS MISSING.
T  INDICATES TRACE AMOUNT.




$$
