000
CDUS43 KICT 020624
CLISLN


CLIMATE REPORT
NATIONAL WEATHER SERVICE WICHITA KS
123 AM CDT SAT MAY 2 2015


...................................

...THE SALINA KS CLIMATE SUMMARY FOR MAY 1 2015...

CLIMATE NORMAL PERIOD 1981 TO 2010
CLIMATE RECORD PERIOD 1894 TO 2015


WEATHER ITEM   OBSERVED TIME   RECORD YEAR NORMAL DEPARTURE LAST
                VALUE   (LST)  VALUE       VALUE  FROM      YEAR
                                                  NORMAL
..................................................................
TEMPERATURE (F)
 YESTERDAY
  MAXIMUM         79    509 PM  92    1955  72      7       65
  MINIMUM         46    551 AM  19    1909  49     -3       39
  AVERAGE         63                        60      3       52

PRECIPITATION (IN)
  YESTERDAY        0.00          1.43 2007   0.12  -0.12     0.00
  MONTH TO DATE    0.00                      0.12  -0.12     0.00
  SINCE MAR 1      1.88                      5.56  -3.68     1.63
  SINCE JAN 1      3.32                      7.36  -4.04     3.44

DEGREE DAYS
 HEATING
  YESTERDAY        2                         6     -4       13
  MONTH TO DATE    2                         6     -4       13
  SINCE MAR 1    734                       933   -199     1061
  SINCE JUL 1   4563                      4774   -211     5311

 COOLING
  YESTERDAY        0                         1     -1        0
  MONTH TO DATE    0                         1     -1        0
  SINCE MAR 1     12                        26    -14       36
  SINCE JAN 1     12                        26    -14       36
..................................................................


WIND (MPH)
  HIGHEST WIND SPEED    18   HIGHEST WIND DIRECTION     S (200)
  HIGHEST GUST SPEED    26   HIGHEST GUST DIRECTION     S (190)
  AVERAGE WIND SPEED     9.0


SKY COVER
  POSSIBLE SUNSHINE  MM
  AVERAGE SKY COVER 0.1


WEATHER CONDITIONS
 THE FOLLOWING WEATHER WAS RECORDED YESTERDAY.
  NO SIGNIFICANT WEATHER WAS OBSERVED.


RELATIVE HUMIDITY (PERCENT)
 HIGHEST    72          1100 PM
 LOWEST     31          1000 AM
 AVERAGE    52

..........................................................


THE SALINA KS CLIMATE NORMALS FOR TODAY
                         NORMAL    RECORD    YEAR
 MAXIMUM TEMPERATURE (F)   72        94      1902
 MINIMUM TEMPERATURE (F)   49        24      1905


SUNRISE AND SUNSET
MAY  2 2015...........SUNRISE   632 AM CDT   SUNSET   824 PM CDT
MAY  3 2015...........SUNRISE   631 AM CDT   SUNSET   825 PM CDT


-  INDICATES NEGATIVE NUMBERS.
R  INDICATES RECORD WAS SET OR TIED.
MM INDICATES DATA IS MISSING.
T  INDICATES TRACE AMOUNT.




$$
