000
CDUS43 KICT 230655
CLISLN


CLIMATE REPORT
NATIONAL WEATHER SERVICE WICHITA KS
154 AM CDT THU APR 23 2015


...................................

...THE SALINA KS CLIMATE SUMMARY FOR APRIL 22 2015...

CLIMATE NORMAL PERIOD 1981 TO 2010
CLIMATE RECORD PERIOD 1894 TO 2015


WEATHER ITEM   OBSERVED TIME   RECORD YEAR NORMAL DEPARTURE LAST
                VALUE   (LST)  VALUE       VALUE  FROM      YEAR
                                                  NORMAL
..................................................................
TEMPERATURE (F)
 YESTERDAY
  MAXIMUM         61    520 PM  95    1989  69     -8       79
  MINIMUM         41    614 AM  28    1959  45     -4       39
  AVERAGE         51                        57     -6       59

PRECIPITATION (IN)
  YESTERDAY        0.00          1.57 2010   0.11  -0.11     0.00
  MONTH TO DATE    1.55                      2.14  -0.59     0.22
  SINCE MAR 1      1.60                      4.53  -2.93     0.52
  SINCE JAN 1      3.04                      6.33  -3.29     2.33

DEGREE DAYS
 HEATING
  YESTERDAY       14                         9      5        6
  MONTH TO DATE  166                       259    -93      253
  SINCE MAR 1    681                       868   -187      988
  SINCE JUL 1   4510                      4709   -199     5238

 COOLING
  YESTERDAY        0                         1     -1        0
  MONTH TO DATE   11                        14     -3       17
  SINCE MAR 1     12                        16     -4       17
  SINCE JAN 1     12                        16     -4       17
..................................................................


WIND (MPH)
  HIGHEST WIND SPEED    15   HIGHEST WIND DIRECTION     E (100)
  HIGHEST GUST SPEED    22   HIGHEST GUST DIRECTION    NE (50)
  AVERAGE WIND SPEED     8.6


SKY COVER
  POSSIBLE SUNSHINE  MM
  AVERAGE SKY COVER 0.0


WEATHER CONDITIONS
 THE FOLLOWING WEATHER WAS RECORDED YESTERDAY.
  NO SIGNIFICANT WEATHER WAS OBSERVED.


RELATIVE HUMIDITY (PERCENT)
 HIGHEST    70           300 AM
 LOWEST     27           400 PM
 AVERAGE    49

..........................................................


THE SALINA KS CLIMATE NORMALS FOR TODAY
                         NORMAL    RECORD    YEAR
 MAXIMUM TEMPERATURE (F)   70       105      1989
 MINIMUM TEMPERATURE (F)   46        28      1909


SUNRISE AND SUNSET
APRIL 23 2015.........SUNRISE   643 AM CDT   SUNSET   815 PM CDT
APRIL 24 2015.........SUNRISE   642 AM CDT   SUNSET   816 PM CDT


-  INDICATES NEGATIVE NUMBERS.
R  INDICATES RECORD WAS SET OR TIED.
MM INDICATES DATA IS MISSING.
T  INDICATES TRACE AMOUNT.




$$

JMBW
