000
CDUS43 KICT 150631
CLISLN

CLIMATE REPORT
NATIONAL WEATHER SERVICE WICHITA KS
130 AM CDT WED APR 15 2015


...................................

...THE SALINA KS CLIMATE SUMMARY FOR APRIL 14 2015...

CLIMATE NORMAL PERIOD 1981 TO 2010
CLIMATE RECORD PERIOD 1894 TO 2015


WEATHER ITEM   OBSERVED TIME   RECORD YEAR NORMAL DEPARTURE LAST
                VALUE   (LST)  VALUE       VALUE  FROM      YEAR
                                                  NORMAL
..................................................................
TEMPERATURE (F)
 YESTERDAY
  MAXIMUM         72    410 PM  93    2002  67      5       50
  MINIMUM         42    320 AM  22    1928  43     -1       31
  AVERAGE         57                        55      2       41

PRECIPITATION (IN)
  YESTERDAY        0.00          1.96 1999   0.10  -0.10      T
  MONTH TO DATE    0.41                      1.31  -0.90     0.22
  SINCE MAR 1      0.46                      3.70  -3.24     0.52
  SINCE JAN 1      1.90                      5.50  -3.60     2.33

DEGREE DAYS
 HEATING
  YESTERDAY        8                        11     -3       24
  MONTH TO DATE  113                       181    -68      189
  SINCE MAR 1    628                       790   -162      924
  SINCE JUL 1   4457                      4631   -174     5174

 COOLING
  YESTERDAY        0                         1     -1        0
  MONTH TO DATE   10                         6      4       11
  SINCE MAR 1     11                         8      3       11
  SINCE JAN 1     11                         8      3       11
..................................................................


WIND (MPH)
  HIGHEST WIND SPEED    18   HIGHEST WIND DIRECTION    SE (130)
  HIGHEST GUST SPEED    23   HIGHEST GUST DIRECTION    SE (140)
  AVERAGE WIND SPEED     6.2


SKY COVER
  POSSIBLE SUNSHINE  MM
  AVERAGE SKY COVER 0.1


WEATHER CONDITIONS
 THE FOLLOWING WEATHER WAS RECORDED YESTERDAY.
  NO SIGNIFICANT WEATHER WAS OBSERVED.


RELATIVE HUMIDITY (PERCENT)
 HIGHEST    70           400 AM
 LOWEST     20           300 PM
 AVERAGE    45

..........................................................


THE SALINA KS CLIMATE NORMALS FOR TODAY
                         NORMAL    RECORD    YEAR
 MAXIMUM TEMPERATURE (F)   67        94      2006
 MINIMUM TEMPERATURE (F)   43        21      2014


SUNRISE AND SUNSET
APRIL 15 2015.........SUNRISE   655 AM CDT   SUNSET   807 PM CDT
APRIL 16 2015.........SUNRISE   653 AM CDT   SUNSET   808 PM CDT


-  INDICATES NEGATIVE NUMBERS.
R  INDICATES RECORD WAS SET OR TIED.
MM INDICATES DATA IS MISSING.
T  INDICATES TRACE AMOUNT.




$$
