000
CDUS43 KICT 300619
CLISLN


CLIMATE REPORT
NATIONAL WEATHER SERVICE WICHITA KS
119 AM CDT THU APR 30 2015


...................................

...THE SALINA KS CLIMATE SUMMARY FOR APRIL 29 2015...

CLIMATE NORMAL PERIOD 1981 TO 2010
CLIMATE RECORD PERIOD 1894 TO 2015


WEATHER ITEM   OBSERVED TIME   RECORD YEAR NORMAL DEPARTURE LAST
                VALUE   (LST)  VALUE       VALUE  FROM      YEAR
                                                  NORMAL
..................................................................
TEMPERATURE (F)
 YESTERDAY
  MAXIMUM         74    438 PM  93    1910  71      3       48
  MINIMUM         46    609 AM  30    1994  48     -2       40
  AVERAGE         60                        60      0       44

PRECIPITATION (IN)
  YESTERDAY        0.00          1.98 1984   0.12  -0.12     0.23
  MONTH TO DATE    1.83                      2.93  -1.10     1.33
  SINCE MAR 1      1.88                      5.32  -3.44     1.63
  SINCE JAN 1      3.32                      7.12  -3.80     3.44

DEGREE DAYS
 HEATING
  YESTERDAY        5                         7     -2       21
  MONTH TO DATE  213                       312    -99      298
  SINCE MAR 1    728                       921   -193     1033
  SINCE JUL 1   4557                      4762   -205     5283

 COOLING
  YESTERDAY        0                         1     -1        0
  MONTH TO DATE   11                        21    -10       36
  SINCE MAR 1     12                        23    -11       36
  SINCE JAN 1     12                        23    -11       36
..................................................................


WIND (MPH)
  HIGHEST WIND SPEED    17   HIGHEST WIND DIRECTION    NW (330)
  HIGHEST GUST SPEED    25   HIGHEST GUST DIRECTION     N (360)
  AVERAGE WIND SPEED     8.1


SKY COVER
  POSSIBLE SUNSHINE  MM
  AVERAGE SKY COVER 0.1


WEATHER CONDITIONS
 THE FOLLOWING WEATHER WAS RECORDED YESTERDAY.
  NO SIGNIFICANT WEATHER WAS OBSERVED.


RELATIVE HUMIDITY (PERCENT)
 HIGHEST    82           500 AM
 LOWEST     29           400 PM
 AVERAGE    56

..........................................................


THE SALINA KS CLIMATE NORMALS FOR TODAY
                         NORMAL    RECORD    YEAR
 MAXIMUM TEMPERATURE (F)   72        91      1938
 MINIMUM TEMPERATURE (F)   48        24      1907


SUNRISE AND SUNSET
APRIL 30 2015.........SUNRISE   634 AM CDT   SUNSET   822 PM CDT
MAY  1 2015...........SUNRISE   633 AM CDT   SUNSET   823 PM CDT


-  INDICATES NEGATIVE NUMBERS.
R  INDICATES RECORD WAS SET OR TIED.
MM INDICATES DATA IS MISSING.
T  INDICATES TRACE AMOUNT.




$$
