000
CXUS53 KICT 011839
CLMSLN


CLIMATE REPORT
NATIONAL WEATHER SERVICE WICHITA KS
1236 PM CST SUN MAR 1 2015

...................................

...THE SALINA KS CLIMATE SUMMARY FOR THE MONTH OF FEBRUARY 2015...

CLIMATE NORMAL PERIOD 1981 TO 2010
CLIMATE RECORD PERIOD 1894 TO 2015

WEATHER         OBSERVED          NORMAL  DEPART  LAST YEAR`S
                 VALUE   DATE(S)  VALUE   FROM    VALUE  DATE(S)
                                          NORMAL
................................................................
TEMPERATURE (F)
RECORD
 HIGH              84   02/28/2006
                        02/14/1954
                        02/24/1918
 LOW              -31   02/13/1905
HIGHEST            74   02/07                         74  02/18
LOWEST              6   02/02                         -6  02/26
AVG. MAXIMUM     43.5              46.5    -3.0     39.5
AVG. MINIMUM     19.0              24.6    -5.6     17.2
MEAN             31.2              35.5    -4.3     28.4
DAYS MAX >= 90      0               0.0     0.0        0
DAYS MAX <= 32      8               4.1     3.9       11
DAYS MIN <= 32     27              21.1     5.9       25
DAYS MIN <= 0       0               0.9    -0.9        2

PRECIPITATION (INCHES)
RECORD
 MAXIMUM         4.68   1911
 MINIMUM           MM   MM
TOTALS           0.12              1.17   -1.05     1.47
DAILY AVG.       0.00              0.04   -0.04     0.05
DAYS >= .01         3               5.5    -2.5        7
DAYS >= .10         0               2.7    -2.7        3
DAYS >= .50         0               0.6    -0.6        1
DAYS >= 1.00        0               0.1    -0.1        0
GREATEST
 24 HR. TOTAL    0.74   01/31 TO 02/01

DEGREE_DAYS
HEATING TOTAL     937               825     112     1017
 SINCE 7/1       3829              3841     -12     4250
COOLING TOTAL       0                 0       0        0
.................................................................

WIND (MPH)
AVERAGE WIND SPEED              10.8
HIGHEST WIND SPEED/DIRECTION    40/350    DATE  02/17
HIGHEST GUST SPEED/DIRECTION    48/350    DATE  02/17

SKY COVER
POSSIBLE SUNSHINE (PERCENT)   MM
AVERAGE SKY COVER           0.30
NUMBER OF DAYS FAIR           15
NUMBER OF DAYS PC             10
NUMBER OF DAYS CLOUDY          3

AVERAGE RH (PERCENT)     60

WEATHER CONDITIONS. NUMBER OF DAYS WITH
THUNDERSTORM              0     MIXED PRECIP               0
HEAVY RAIN                0     RAIN                       0
LIGHT RAIN                1     FREEZING RAIN              0
LT FREEZING RAIN          0     HAIL                       0
HEAVY SNOW                0     SNOW                       2
LIGHT SNOW                8     SLEET                      0
FOG                       8     FOG W/VIS <= 1/4 MILE      1
HAZE                      5

-  INDICATES NEGATIVE NUMBERS.
R  INDICATES RECORD WAS SET OR TIED.
MM INDICATES DATA IS MISSING.
T  INDICATES TRACE AMOUNT.

$$
