000
CXUS54 KAMA 191015
CF6AMA
PRELIMINARY LOCAL CLIMATOLOGICAL DATA (WS FORM: F-6)

                                          STATION:   AMARILLO
                                          MONTH:     APRIL
                                          YEAR:      2015
                                          LATITUDE:   35 13 N
                                          LONGITUDE: 101 42 W

  TEMPERATURE IN F:       :PCPN:    SNOW:  WIND      :SUNSHINE: SKY     :PK WND
================================================================================
1   2   3   4   5  6A  6B    7    8   9   10  11  12  13   14  15   16   17  18
                                     12Z  AVG MX 2MIN
DY MAX MIN AVG DEP HDD CDD  WTR  SNW DPTH SPD SPD DIR MIN PSBL S-S WX    SPD DR
================================================================================

 1  87  48  68  16   0   3 0.00  0.0    0 13.3 25 240   M    M   0        31 230
 2  84  47  66  14   0   1 0.00  0.0    0 13.4 30 220   M    M   1 8      37 230
 3  67  36  52  -1  13   0 0.00  0.0    0 19.6 40 320   M    M   6 8      53 320
 4  65  34  50  -3  15   0 0.00  0.0    0 15.6 29 190   M    M   1        34 190
 5  83  44  64  11   1   0 0.00  0.0    0 14.8 25 220   M    M   1        39 200
 6  86  45  66  12   0   1 0.00  0.0    0 15.7 33 240   M    M   0        43 240
 7  86  48  67  13   0   2 0.00  0.0    0 11.6 23 270   M    M   0        28 240
 8  88  52  70  16   0   5    T  0.0    0 17.3 36 200   M    M   0 3      48 200
 9  71  42  57   3   8   0 0.00  0.0    0 14.5 24  30   M    M   0 8      33  30
10  69  32  51  -4  14   0 0.00  0.0    0  9.9 23 160   M    M   0        29 150
11  74  41  58   3   7   0 0.00  0.0    0 16.1 35 130   M    M   2 3      41 140
12  83  58  71  16   0   6 0.00  0.0    0 13.7 25 190   M    M   5 1      33 190
13  63  44  54  -2  11   0 0.03  0.0    0 15.3 30  40   M    M   6 1      37  30
14  69  36  53  -3  12   0 0.00  0.0    0  7.4 17 140   M    M   0        20 140
15  82  44  63   7   2   0 0.10  0.0    0 16.3 39 200   M    M   1 13     59 220
16  71  50  61   5   4   0 0.85    T    0 10.8 22  40   M    M   4 135    27  50
17  72  46  59   2   6   0 0.00  0.0    0  8.3 23 140   M    M   3 1      28 140
18  73  40  57   0   8   0 0.03  0.0    0 10.6 28 280   M    M   3 123    37 280
================================================================================
SM 1373  787       101  18  1.01    T    244.2          M       33
================================================================================
AV 76.3 43.7                              13.6 FASTST   M    M   2    MAX(MPH)
                                 MISC ---->  # 40 320               # 59  220
================================================================================
NOTES:
# LAST OF SEVERAL OCCURRENCES

COLUMN 17 PEAK WIND IN M.P.H.

PRELIMINARY LOCAL CLIMATOLOGICAL DATA (WS FORM: F-6) , PAGE 2

                                          STATION:  AMARILLO
                                          MONTH:    APRIL
                                          YEAR:     2015
                                          LATITUDE:   35 13 N
                                          LONGITUDE: 101 42 W

[TEMPERATURE DATA]      [PRECIPITATION DATA]       SYMBOLS USED IN COLUMN 16

AVERAGE MONTHLY: 60.0   TOTAL FOR MONTH:   1.01    1 = FOG OR MIST
DPTR FM NORMAL:   5.4   DPTR FM NORMAL:    0.24    2 = FOG REDUCING VISIBILITY
HIGHEST:    88 ON  8    GRTST 24HR  0.85 ON 16-16      TO 1/4 MILE OR LESS
LOWEST:     32 ON 10                               3 = THUNDER
                        SNOW, ICE PELLETS, HAIL    4 = ICE PELLETS
                        TOTAL MONTH:    T          5 = HAIL
                        GRTST 24HR    T  ON 16-16  6 = FREEZING RAIN OR DRIZZLE
                        GRTST DEPTH:   0           7 = DUSTSTORM OR SANDSTORM:
                                                       VSBY 1/2 MILE OR LESS
                                                   8 = SMOKE OR HAZE
[NO. OF DAYS WITH]      [WEATHER - DAYS WITH]      9 = BLOWING SNOW
                                                   X = TORNADO
MAX 32 OR BELOW:   0    0.01 INCH OR MORE:   4
MAX 90 OR ABOVE:   0    0.10 INCH OR MORE:   2
MIN 32 OR BELOW:   1    0.50 INCH OR MORE:   1
MIN  0 OR BELOW:   0    1.00 INCH OR MORE:   0

[HDD (BASE 65) ]
TOTAL THIS MO.   101    CLEAR  (SCALE 0-3)  13
DPTR FM NORMAL   -96    PTCLDY (SCALE 4-7)   5
TOTAL FM JUL 1  3666    CLOUDY (SCALE 8-10)  0
DPTR FM NORMAL  -340

[CDD (BASE 65) ]
TOTAL THIS MO.    18
DPTR FM NORMAL    14    [PRESSURE DATA]
TOTAL FM JAN 1    20    HIGHEST SLP M ON M
DPTR FM NORMAL    14    LOWEST  SLP 29.46 ON  8

[REMARKS]
