000
CXUS55 KGJT 271000
CF6ASE
PRELIMINARY LOCAL CLIMATOLOGICAL DATA (WS FORM: F-6)

                                          STATION:   ASPEN CO
                                          MONTH:     APRIL
                                          YEAR:      2015
                                          LATITUDE:   39 13 N
                                          LONGITUDE: 106 52 W

  TEMPERATURE IN F:       :PCPN:    SNOW:  WIND      :SUNSHINE: SKY     :PK WND
================================================================================
1   2   3   4   5  6A  6B    7    8   9   10  11  12  13   14  15   16   17  18
                                     12Z  AVG MX 2MIN
DY MAX MIN AVG DEP HDD CDD  WTR  SNW DPTH SPD SPD DIR MIN PSBL S-S WX    SPD DR
================================================================================

 1  58  33  46  10  19   0 0.05    M    M  7.6 24 360   M    M   5        35 350
 2  52  26  39   3  26   0 0.03    M    M  8.1 28 160   M    M   7 1      45 190
 3  45  18  32  -4  33   0    T    M    M  4.9 13 330   M    M   3 1      18 330
 4  56  17  37   0  28   0 0.00    M    M  6.4 18 300   M    M   0        27 250
 5  60  26  43   6  22   0 0.00    M    M  7.6 22 200   M    M   0        31 170
 6  62  31  47  10  18   0 0.00    M    M  7.3 24 160   M    M   0        33 160
 7  59  29  44   6  21   0 0.00    M    M  8.0 26 180   M    M   0        34 260
 8  55  22  39   1  26   0 0.05    M    M  8.6 30 340   M    M   2 1      43 320
 9  50  25  38   0  27   0 0.01    M    M  3.6 12 360   M    M   6 1      15 360
10  56  24  40   2  25   0 0.00    M    M  6.6 21 320   M    M   2        28 310
11  60  26  43   4  22   0 0.00    M    M  7.1 21 210   M    M   0        29 220
12  57  30  44   5  21   0 0.00    M    M 12.0 24 350   M    M   2 8      34 350
13  63  24  44   5  21   0 0.00    M    M  6.7 14 320   M    M   0        22 330
14  64  28  46   7  19   0    T    M    M  7.4 29 240   M    M   1        37 240
15  45  20  33  -7  32   0    T    M    M 11.0 24 320   M    M   3        33 310
16  50  21  36  -4  29   0 0.19    M    M  4.1 20 150   M    M   8 18     30 180
17  35  22  29 -11  36   0 0.66    M    M  4.1 14 140   M    M   8 12     19 120
18  34  19  27 -13  38   0 0.19    M    M  3.4 10  10   M    M   9 18     12 360
19  45  30  38  -3  27   0    T    M    M  4.0 14 350   M    M   9 18     22 340
20  50  32  41   0  24   0 0.03    M    M  5.3 20  10   M    M   8 3      29 320
21  58  29  44   3  21   0 0.01    M    M  6.6 30 170   M    M   4        34 170
22  60  30  45   3  20   0    T    M    M  7.6 23 320   M    M   2        33 350
23  57  27  42   0  23   0 0.00    M    M  5.8 24 120   M    M   3        32 120
24  52  29  41  -1  24   0    T    M    M  5.7 25 330   M    M   4 38     36 280
25  51  29  40  -2  25   0 0.08    M    M  5.1 17 340   M    M   7 1      23 340
26  45  33  39  -4  26   0    T    M    M  4.3 14 350   M    M   9 18     17 350
================================================================================
SM 1379  680       653   0  1.30    M    168.9          M      102
================================================================================
AV 53.0 26.2                               6.5 FASTST   M    M   4    MAX(MPH)
                                 MISC ---->  # 30 340               # 45  190
================================================================================
NOTES:
# LAST OF SEVERAL OCCURRENCES

COLUMN 17 PEAK WIND IN M.P.H.

PRELIMINARY LOCAL CLIMATOLOGICAL DATA (WS FORM: F-6) , PAGE 2

                                          STATION:  ASPEN CO
                                          MONTH:    APRIL
                                          YEAR:     2015
                                          LATITUDE:   39 13 N
                                          LONGITUDE: 106 52 W

[TEMPERATURE DATA]      [PRECIPITATION DATA]       SYMBOLS USED IN COLUMN 16

AVERAGE MONTHLY: 39.6   TOTAL FOR MONTH:   1.30    1 = FOG OR MIST
DPTR FM NORMAL:   0.3   DPTR FM NORMAL:   -0.26    2 = FOG REDUCING VISIBILITY
HIGHEST:    64 ON 14    GRTST 24HR  0.84 ON 16-17      TO 1/4 MILE OR LESS
LOWEST:     17 ON  4                               3 = THUNDER
                        SNOW, ICE PELLETS, HAIL    4 = ICE PELLETS
                        TOTAL MONTH:    M          5 = HAIL
                        GRTST 24HR    M  ON   M    6 = FREEZING RAIN OR DRIZZLE
                        GRTST DEPTH:  M  ON   M    7 = DUSTSTORM OR SANDSTORM:
                                                       VSBY 1/2 MILE OR LESS
                                                   8 = SMOKE OR HAZE
[NO. OF DAYS WITH]      [WEATHER - DAYS WITH]      9 = BLOWING SNOW
                                                   X = TORNADO
MAX 32 OR BELOW:   0    0.01 INCH OR MORE:  10
MAX 90 OR ABOVE:   0    0.10 INCH OR MORE:   3
MIN 32 OR BELOW:  24    0.50 INCH OR MORE:   1
MIN  0 OR BELOW:   0    1.00 INCH OR MORE:   0

[HDD (BASE 65) ]
TOTAL THIS MO.   653    CLEAR  (SCALE 0-3)  12
DPTR FM NORMAL   -15    PTCLDY (SCALE 4-7)   9
TOTAL FM JUL 1  6998    CLOUDY (SCALE 8-10)  5
DPTR FM NORMAL -1045

[CDD (BASE 65) ]
TOTAL THIS MO.     0
DPTR FM NORMAL     0    [PRESSURE DATA]
TOTAL FM JAN 1     0    HIGHEST SLP M ON M
DPTR FM NORMAL     0    LOWEST  SLP 29.41 ON  8

[REMARKS]
