000
CXUS54 KLZK 261330
CF6BPK
PRELIMINARY LOCAL CLIMATOLOGICAL DATA (WS FORM: F-6)

                                          STATION:   Mountain Home Airport
                                          MONTH:     APRIL
                                          YEAR:      2015
                                          LATITUDE:   36 22 N
                                          LONGITUDE:  92 28 W

  TEMPERATURE IN F:       :PCPN:    SNOW:  WIND      :SUNSHINE: SKY     :PK WND
================================================================================
1   2   3   4   5  6A  6B    7    8   9   10  11  12  13   14  15   16   17  18
                                     12Z  AVG MX 2MIN
DY MAX MIN AVG DEP HDD CDD  WTR  SNW DPTH SPD SPD DIR MIN PSBL S-S WX    SPD DR
================================================================================

 1  69  56  63   9   2   0 0.45  0.0    0  8.0 29 190   M    M   5 138    41 190
 2  74  58  66  12   0   1 0.00  0.0    0  7.5 15 200   M    M   6 13     20 190
 3  67  42  55   0  10   0 0.71    M    0  6.6 17 170   M    M   6 13     26 340
 4  61  31  46  -9  19   0 0.00  0.0    0  3.3  9 140   M    M   0        14 150
 5  50  37  44 -11  21   0 0.10    M    0  4.5 13 140   M    M   6 1      18 190
 6  66  49  58   2   7   0 0.01    M    0  7.6 14 170   M    M   9 13     19 160
 7  81  64  73  17   0   8 0.00  0.0    0  8.1 16 190   M    M   6 3      22 200
 8  82  66  74  18   0   9    T  0.0    0  9.1 20 190   M    M   4 3      26 220
 9  82  51  67  10   0   2 0.05  0.0    0 10.9 21 190   M    M   6 13     32 190
10  70  42  56  -1   9   0 0.00  0.0    0  4.8 17 320   M    M   0        27 310
11  74  44  59   2   6   0 0.00  0.0    0  6.3 15 110   M    M   1        22 120
12  81  50  66   8   0   1 0.00  0.0    0  7.4 16 170   M    M   0        24 170
13  68  53  61   3   4   0 1.14  0.0    0  4.9 23  60   M    M   8 18     32  70
14  55  51  53  -5  12   0 0.01  0.0    0  0.4  4 320   M    M  10         M  M
15  63  51  57  -1   8   0 0.06  0.0    M  1.4  8 140   M    M  10 1      11 120
16  76  57  67   8   0   2    T  0.0    0  2.3  9 140   M    M   6 12     14 150
17  78  57  68   9   0   3 0.04  0.0    0  4.4 17 180   M    M   2 1      26 170
18  72  58  65   6   0   0    T  0.0    0  3.1 10 110   M    M   5 128    13 150
19  76  53  65   5   0   0 0.29  0.0    0  5.5 15 300   M    M   7 138    24 290
20  63  42  53  -7  12   0 0.00  0.0    0  7.0 16 270   M    M   3        27 300
21  73  40  57  -3   8   0 0.00  0.0    0  6.4 16 230   M    M   2        25 240
22  62  44  53  -8  12   0 0.04    M    0  3.7 14 340   M    M   3 1      25 310
23  64  42  53  -8  12   0 0.00  0.0    0  6.4 13 140   M    M   6        18 110
24  57  46  52  -9  13   0 0.63    M    0  6.8 15 130   M    M   9 123    20 120
25  81  57  69   7   0   4 0.00  0.0    0  7.9 16 280   M    M   2 1      26 270
================================================================================
SM 1745 1241       155  30  3.53     0.0 144.3          M      122
================================================================================
AV 69.8 49.6                               5.8 FASTST   M    M   5    MAX(MPH)
                                 MISC ---->  # 29 190               # 41  190
================================================================================
NOTES:
# LAST OF SEVERAL OCCURRENCES

COLUMN 17 PEAK WIND IN M.P.H.

PRELIMINARY LOCAL CLIMATOLOGICAL DATA (WS FORM: F-6) , PAGE 2

                                          STATION:  Mountain Home Airport
                                          MONTH:    APRIL
                                          YEAR:     2015
                                          LATITUDE:   36 22 N
                                          LONGITUDE:  92 28 W

[TEMPERATURE DATA]      [PRECIPITATION DATA]       SYMBOLS USED IN COLUMN 16

AVERAGE MONTHLY: 59.7   TOTAL FOR MONTH:   3.53    1 = FOG OR MIST
DPTR FM NORMAL:   1.9   DPTR FM NORMAL:   -0.08    2 = FOG REDUCING VISIBILITY
HIGHEST:    82 ON  9, 8 GRTST 24HR  1.14 ON 12-13      TO 1/4 MILE OR LESS
LOWEST:     31 ON  4                               3 = THUNDER
                        SNOW, ICE PELLETS, HAIL    4 = ICE PELLETS
                        TOTAL MONTH:   0.0 INCH    5 = HAIL
                        GRTST 24HR     0.0         6 = FREEZING RAIN OR DRIZZLE
                        GRTST DEPTH:   0           7 = DUSTSTORM OR SANDSTORM:
                                                       VSBY 1/2 MILE OR LESS
                                                   8 = SMOKE OR HAZE
[NO. OF DAYS WITH]      [WEATHER - DAYS WITH]      9 = BLOWING SNOW
                                                   X = TORNADO
MAX 32 OR BELOW:   0    0.01 INCH OR MORE:  12
MAX 90 OR ABOVE:   0    0.10 INCH OR MORE:   6
MIN 32 OR BELOW:   1    0.50 INCH OR MORE:   3
MIN  0 OR BELOW:   0    1.00 INCH OR MORE:   1

[HDD (BASE 65) ]
TOTAL THIS MO.   155    CLEAR  (SCALE 0-3)   9
DPTR FM NORMAL   -49    PTCLDY (SCALE 4-7)  11
TOTAL FM JUL 1  4102    CLOUDY (SCALE 8-10)  5
DPTR FM NORMAL   389

[CDD (BASE 65) ]
TOTAL THIS MO.    30
DPTR FM NORMAL     5    [PRESSURE DATA]
TOTAL FM JAN 1    31    HIGHEST SLP M ON M
DPTR FM NORMAL    -3    LOWEST  SLP 29.49 ON 25

[REMARKS]
