000
CXUS55 KCYS 271000
CF6CDR
PRELIMINARY LOCAL CLIMATOLOGICAL DATA (WS FORM: F-6)

                                          STATION:   CHADRON NEBRASKA AIRPORT
                                          MONTH:     APRIL
                                          YEAR:      2015
                                          LATITUDE:   42 50 N
                                          LONGITUDE: 103  6 W

  TEMPERATURE IN F:       :PCPN:    SNOW:  WIND      :SUNSHINE: SKY     :PK WND
================================================================================
1   2   3   4   5  6A  6B    7    8   9   10  11  12  13   14  15   16   17  18
                                     12Z  AVG MX 2MIN
DY MAX MIN AVG DEP HDD CDD  WTR  SNW DPTH SPD SPD DIR MIN PSBL S-S WX    SPD DR
================================================================================

 1  67  27  47   7  18   0 0.00    M    M 10.5 26 320   M    M   1        34 310
 2  49  22  36  -5  29   0    T    M    M 10.1 26  40   M    M   6        36  40
 3  55  14  35  -6  30   0 0.00    M    M  6.8 25 310   M    M   1        32 310
 4  64  16  40  -1  25   0 0.00    M    M  7.5 18 270   M    M   0        24 270
 5  73  25  49   8  16   0 0.00    M    M  9.4 22  30   M    M   0        27  30
 6  52  27  40  -2  25   0 0.00    M    M 11.6 24  30   M    M   2 1      29  40
 7  54  34  44   2  21   0 0.00    M    M  6.2 15  50   M    M   8 13     17  60
 8  55  35  45   3  20   0 0.13    M    M 10.4 22  40   M    M   9 18     27  40
 9  53  27  40  -3  25   0 0.06    M    M  9.9 24  20   M    M   5 1      29  10
10  68  22  45   2  20   0 0.00    M    M  7.1 25 180   M    M   0        32 190
11  78  30  54  11  11   0 0.00    M    M 10.1 26 210   M    M   0        35 200
12  55  24  40  -4  25   0    T    M    M  9.4 25 290   M    M   2        33 300
13  68  20  44   0  21   0 0.00    M    M  6.2 25 180   M    M   0        32 170
14  78  44  61  17   4   0 0.00    M    M 25.7 46 170   M    M   0 8      57 170
15  59  40  50   6  15   0 0.26    M    M 17.8 44 180   M    M   5 138    53 160
16  56  40  48   3  17   0 0.01    M    M 10.2 22  60   M    M   9        27  60
17  48  44  46   1  19   0 0.46    M    M  7.8 18  30   M    M  10 1      24  20
18  53  44  49   3  16   0 0.18    M    M  8.7 23 360   M    M  10 1      30 350
19  54  29  42  -4  23   0    T    M    M 12.7 25 310   M    M   5        34 310
20  57  25  41  -5  24   0 0.00    M    M 12.0 29 310   M    M   3        39 290
21  65  24  45  -2  20   0 0.00  0.0    0 11.0 29 310   M    M   0        40 320
22  69  24  47   0  18   0 0.00    M    M  5.0 17  30   M    M   1        20  30
23  75  29  52   5  13   0 0.01    M    M  3.9 47 270   M    M   1 3      59 270
24  70  39  55   7  10   0 0.00    M    M  8.6 29  10   M    M   1        34  10
25  69  34  52   4  13   0 0.14    M    M  7.2 35 330   M    M   4 13     46 320
26  53  41  47  -1  18   0 0.18    M    M  7.3 16 140   M    M  10 12     19 130
================================================================================
SM 1597  780       496   0  1.43     0.0 253.1          M       93
================================================================================
AV 61.4 30.0                               9.7 FASTST   M    M   4    MAX(MPH)
                                 MISC ---->  # 47 270               # 59  270
================================================================================
NOTES:
# LAST OF SEVERAL OCCURRENCES

COLUMN 17 PEAK WIND IN M.P.H.

PRELIMINARY LOCAL CLIMATOLOGICAL DATA (WS FORM: F-6) , PAGE 2

                                          STATION:  CHADRON NEBRASKA AIRPORT
                                          MONTH:    APRIL
                                          YEAR:     2015
                                          LATITUDE:   42 50 N
                                          LONGITUDE: 103  6 W

[TEMPERATURE DATA]      [PRECIPITATION DATA]       SYMBOLS USED IN COLUMN 16

AVERAGE MONTHLY: 45.7   TOTAL FOR MONTH:   1.43    1 = FOG OR MIST
DPTR FM NORMAL:   1.6   DPTR FM NORMAL:   -0.19    2 = FOG REDUCING VISIBILITY
HIGHEST:    78 ON 14,11 GRTST 24HR  0.60 ON 17-18      TO 1/4 MILE OR LESS
LOWEST:     14 ON  3                               3 = THUNDER
                        SNOW, ICE PELLETS, HAIL    4 = ICE PELLETS
                        TOTAL MONTH:   0.0 INCH    5 = HAIL
                        GRTST 24HR     0.0         6 = FREEZING RAIN OR DRIZZLE
                        GRTST DEPTH:   0           7 = DUSTSTORM OR SANDSTORM:
                                                       VSBY 1/2 MILE OR LESS
                                                   8 = SMOKE OR HAZE
[NO. OF DAYS WITH]      [WEATHER - DAYS WITH]      9 = BLOWING SNOW
                                                   X = TORNADO
MAX 32 OR BELOW:   0    0.01 INCH OR MORE:   9
MAX 90 OR ABOVE:   0    0.10 INCH OR MORE:   6
MIN 32 OR BELOW:  16    0.50 INCH OR MORE:   0
MIN  0 OR BELOW:   0    1.00 INCH OR MORE:   0

[HDD (BASE 65) ]
TOTAL THIS MO.   496    CLEAR  (SCALE 0-3)  14
DPTR FM NORMAL   -47    PTCLDY (SCALE 4-7)   6
TOTAL FM JUL 1  6118    CLOUDY (SCALE 8-10)  6
DPTR FM NORMAL  -582

[CDD (BASE 65) ]
TOTAL THIS MO.     0
DPTR FM NORMAL     0    [PRESSURE DATA]
TOTAL FM JAN 1     0    HIGHEST SLP  0.00 ON M
DPTR FM NORMAL     0    LOWEST  SLP 29.47 ON  8

[REMARKS]
