000
CXUS52 KGSP 260817
CF6CLT
PRELIMINARY LOCAL CLIMATOLOGICAL DATA (WS FORM: F-6)

                                          STATION:   CHARLOTTE NC
                                          MONTH:     APRIL
                                          YEAR:      2015
                                          LATITUDE:   35 12 N
                                          LONGITUDE:  80 57 W

  TEMPERATURE IN F:       :PCPN:    SNOW:  WIND      :SUNSHINE: SKY     :PK WND
================================================================================
1   2   3   4   5  6A  6B    7    8   9   10  11  12  13   14  15   16   17  18
                                     12Z  AVG MX 2MIN
DY MAX MIN AVG DEP HDD CDD  WTR  SNW DPTH SPD SPD DIR MIN PSBL S-S WX    SPD DR
================================================================================

 1  73  49  61   5   4   0 0.00  0.0    0  7.1 14 130   M    M   2        23 110
 2  73  58  66  10   0   1 0.04  0.0    0  6.1 15 270   M    M   7        20 270
 3  82  58  70  14   0   5    T  0.0    0 12.4 25 210   M    M   7        35 210
 4  71  45  58   2   7   0    T  0.0    0 12.6 24 350   M    M   5        32 330
 5  67  36  52  -5  13   0 0.00  0.0    0  4.7 15 140   M    M   6        21 130
 6  77  51  64   7   1   0    T  0.0    0  6.1 14 230   M    M   9        17 230
 7  72  57  65   8   0   0 0.51  0.0    0  5.0 13 170   M    M   9 13     16 170
 8  82  63  73  15   0   8 0.26  0.0    0  3.8 10 210   M    M   8 13     17 230
 9  88  65  77  19   0  12 0.02  0.0    0  6.9 18 180   M    M   6        24 240
10  82  67  75  17   0  10    T  0.0    0 12.0 24 230   M    M   8        32 240
11  78  56  67   9   0   2 0.00  0.0    0  5.4 15 360   M    M   7        21  70
12  74  50  62   4   3   0 0.00  0.0    0  7.5 14 130   M    M   7        22 140
13  73  59  66   7   0   1 0.11  0.0    0  7.9 17 130   M    M   9 1      21 130
14  80  65  73  14   0   8 0.16  0.0    0  7.8 15  20   M    M   9 18     20 240
15  65  50  58  -1   7   0 1.26  0.0    0  9.8 18  40   M    M  10 1      26  70
16  54  47  51  -9  14   0 0.40  0.0    0  7.4 14 360   M    M  10 1      21  30
17  69  54  62   2   3   0 0.03  0.0    0  3.6  8  10   M    M   9 1      12  60
18  79  60  70  10   0   5 0.04  0.0    0  3.5 12 170   M    M  10 1      14 190
19  69  64  67   7   0   2 2.65  0.0    0 11.2 20 150   M    M  10 13     25 150
20  74  60  67   6   0   2 0.47  0.0    0 10.2 21 210   M    M   8 138    28 270
21  71  45  58  -3   7   0 0.00  0.0    0  4.6 17 260   M    M   2        31 260
22  77  43  60  -1   5   0 0.00  0.0    0  7.9 22 240   M    M   4        30 240
23  74  49  62   1   3   0 0.00  0.0    0  7.7 17 270   M    M   3        24 270
24  70  38  54  -8  11   0 0.00  0.0    0  4.0 13 340   M    M   4        18  10
25  61  51  56  -6   9   0 0.19  0.0    0  4.9 16 230   M    M  10 1      21 220
================================================================================
SM 1835 1340        87  56  6.14     0.0 180.1          M      179
================================================================================
AV 73.4 53.6                               7.2 FASTST   M    M   7    MAX(MPH)
                                 MISC ---->  # 25 210               # 35  210
================================================================================
NOTES:
# LAST OF SEVERAL OCCURRENCES

COLUMN 17 PEAK WIND IN M.P.H.

PRELIMINARY LOCAL CLIMATOLOGICAL DATA (WS FORM: F-6) , PAGE 2

                                          STATION:  CHARLOTTE NC
                                          MONTH:    APRIL
                                          YEAR:     2015
                                          LATITUDE:   35 12 N
                                          LONGITUDE:  80 57 W

[TEMPERATURE DATA]      [PRECIPITATION DATA]       SYMBOLS USED IN COLUMN 16

AVERAGE MONTHLY: 63.5   TOTAL FOR MONTH:   6.14    1 = FOG OR MIST
DPTR FM NORMAL:   4.7   DPTR FM NORMAL:    3.58    2 = FOG REDUCING VISIBILITY
HIGHEST:    88 ON  9    GRTST 24HR  2.65 ON 19-19      TO 1/4 MILE OR LESS
LOWEST:     36 ON  5                               3 = THUNDER
                        SNOW, ICE PELLETS, HAIL    4 = ICE PELLETS
                        TOTAL MONTH:   0.0 INCH    5 = HAIL
                        GRTST 24HR     0.0         6 = FREEZING RAIN OR DRIZZLE
                        GRTST DEPTH:   0           7 = DUSTSTORM OR SANDSTORM:
                                                       VSBY 1/2 MILE OR LESS
                                                   8 = SMOKE OR HAZE
[NO. OF DAYS WITH]      [WEATHER - DAYS WITH]      9 = BLOWING SNOW
                                                   X = TORNADO
MAX 32 OR BELOW:   0    0.01 INCH OR MORE:  13
MAX 90 OR ABOVE:   0    0.10 INCH OR MORE:   9
MIN 32 OR BELOW:   0    0.50 INCH OR MORE:   3
MIN  0 OR BELOW:   0    1.00 INCH OR MORE:   2

[HDD (BASE 65) ]
TOTAL THIS MO.    87    CLEAR  (SCALE 0-3)   3
DPTR FM NORMAL   -92    PTCLDY (SCALE 4-7)  12
TOTAL FM JUL 1  3194    CLOUDY (SCALE 8-10) 10
DPTR FM NORMAL  -117

[CDD (BASE 65) ]
TOTAL THIS MO.    56
DPTR FM NORMAL    30    [PRESSURE DATA]
TOTAL FM JAN 1    63    HIGHEST SLP M ON M
DPTR FM NORMAL    32    LOWEST  SLP 29.54 ON 25

[REMARKS]
